
-- *************************************************************
--       SIMPLE KOHA 3.0 MARC 21 BIBLIOGRAPHIC FRAMEWORKS
--
--                     PRETEST VERSION 0.1.7
--                          2007-11-05
--
--                            edited
--                            by thd
--
--                          BASED UPON
--
--       SIMPLE KOHA 3.0 MARC 21 BIBLIOGRAPHIC FRAMEWORKS
--                    POST-INSTALLATION SCRIPT
--
--                     PRETEST VERSION 0.1.7
--                          2007-11-05
--
--                            edited
--                            by thd
--
--                          BASED UPON
--
--  KOHA 3.0 MARC 21 STANDARD DEFAULT BIBLIOGRAPHIC FRAMEWORK
--
--                    PRETEST VERSION 0.1.7
--                          2007-11-05
--
--                            edited
--                            by thd
--
--                        AND BASED UPON
--
--          SIMPLE KOHA MARC 21 BIBLIOGRAPHIC FRAMEWORKS
--                    POST-INSTALLATION SCRIPT
--
--                     PRETEST VERSION 0.1.11
--                          2007-11-05
--
--                           drafted
--                      by thd for LibLime
--
--            with a frameworks nomenclature correction
--                     by kados at LibLime
--
--                             WITH
--
--     KOHA MARC 21 STANDARD DEFAULT BIBLIOGRAPHIC FRAMEWORK
--                    POST-INSTALLATION SCRIPT
--
--                     PRETEST VERSION 0.2.8
--                          2007-11-05
--
--                            edited
--                      by thd for LibLime
--
--                          BASED UPON
--
--     KOHA MARC 21 STANDARD DEFAULT BIBLIOGRAPHIC FRAMEWORK
--
--                     PRETEST VERSION 0.2.8
--                          2007-11-05
--
--     original default requiring greater user customisation
--                  created by a few Koha Hands
--                    guided by Paul POULAIN
--
--          revised and greatly enlarged to completion,
--               well not quite complete yet today
--           but close enough for someone to have use,
--                      by thd for LibLime
-- *************************************************************





-- ********************************
-- SIMPLE KOHA MARC 21 FRAMEWORKS.
-- ********************************


INSERT INTO `biblio_framework` (`frameworkcode`,`frameworktext`) VALUES
		('BKS', 'Books, Booklets, Workbooks'),
		('CF', 'CD-ROMs, DVD-ROMs, General Online Resources'),
		('SR', 'Audio Cassettes, CDs'),
		('VR', 'DVDs, VHS'),
		('AR', 'Models'),
		('KT', 'Kits'),
		('IR', 'Binders'),
		('SER', 'Serials');


-- ******************************************************



-- *******************************************************************
-- SIMPLE BOOKS KOHA RECORD AND HOLDINGS MANAGEMENT FIELDS/SUBFIELDS.
-- *******************************************************************


-- Current Record ID Field/Subfields


INSERT INTO `marc_tag_structure` (`tagfield`, `liblibrarian`, `libopac`, `repeatable`, `mandatory`, `authorised_value`, `frameworkcode`) VALUES
		('999', 'SYSTEM CONTROL NUMBERS (KOHA)', 'SYSTEM CONTROL NUMBERS (KOHA)', 1, 0, '', 'BKS');

INSERT INTO `marc_subfield_structure` (`tagfield`, `tagsubfield`, `liblibrarian`, `libopac`, `repeatable`, `mandatory`, `kohafield`, `tab`, `authorised_value`, `authtypecode`, `value_builder`, `isurl`, `hidden`, `frameworkcode`, `seealso`, `link`, `defaultvalue`) VALUES
		('999', 'a', 'Item type [OBSOLETE]', 'Item type [OBSOLETE]', 0, 0, NULL, -1, NULL, NULL, '', NULL, -5, 'BKS', '', '', NULL),
		('999', 'b', 'Koha Dewey Subclass [OBSOLETE]', 'Koha Dewey Subclass [OBSOLETE]', 0, 0, NULL, 0, NULL, NULL, '', NULL, -5, 'BKS', '', '', NULL),
		('999', 'c', 'Koha biblionumber', 'Koha biblionumber', 0, 0, 'biblio.biblionumber', -1, NULL, NULL, '', NULL, -5, 'BKS', '', '', NULL),
		('999', 'd', 'Koha biblioitemnumber', 'Koha biblioitemnumber', 0, 0, 'biblioitems.biblioitemnumber', -1, NULL, NULL, '', NULL, -5, 'BKS', '', '', NULL);


-- ******************************************************


-- Plugins which need to be written for primary biblioitems Field/Subfields.


-- 		('942', '2', 'Source of classification or shelving scheme', 'Source of classification or shelving scheme', 0, 0, 'biblioitems.cn_source', 9, '', '', 'marc21_classcodes.pl', NULL, 0, 'BKS', '', '', NULL),
-- 		('942', 'h', 'Classification part', 'Classification part', 0, 0, 'biblioitems.cn_class', 9, '', '', 'marc21_callnumber.pl', NULL, 0, 'BKS', '', '', NULL),



-- Current primary biblioitems Field/Subfields


INSERT INTO `marc_tag_structure` (`tagfield`, `liblibrarian`, `libopac`, `repeatable`, `mandatory`, `authorised_value`, `frameworkcode`) VALUES
		('942', 'ADDED ENTRY ELEMENTS (KOHA)', 'ADDED ENTRY ELEMENTS (KOHA)', 0, 0, '', 'BKS');

INSERT INTO `marc_subfield_structure` (`tagfield`, `tagsubfield`, `liblibrarian`, `libopac`, `repeatable`, `mandatory`, `kohafield`, `tab`, `authorised_value`, `authtypecode`, `value_builder`, `isurl`, `hidden`, `frameworkcode`, `seealso`, `link`, `defaultvalue`) VALUES
		('942', '0', 'Koha issues (borrowed), all copies', 'Koha issues (borrowed), all copies', 0, 0, 'biblioitems.totalissues', 9, '', '', '', NULL, -5, 'BKS', '', '', NULL),
		('942', '2', 'Source of classification or shelving scheme', 'Source of classification or shelving scheme', 0, 0, 'biblioitems.cn_source', 9, 'cn_source', '', '', NULL, 0, 'BKS', '', '', NULL),
		('942', '6', 'Koha normalized classification for sorting', 'Koha normalized classification for sorting', 0, 0, 'biblioitems.cn_sort', -1, '', '', '', 0, 7, 'BKS', '', '', NULL),
		('942', 'a', 'Institution code [OBSOLETE]', 'Institution code [OBSOLETE]', 0, 0, '', 9, '', '', '', NULL, -5, 'BKS', '', '', NULL),
		('942', 'c', 'Item type', 'Item type', 0, 1, 'biblioitems.itemtype', 9, 'itemtypes', '', '', NULL, 0, 'BKS', '', '', NULL),
		('942', 'e', 'Edition', 'Edition', 0, 0, 'biblioitems.cn_edition', 9, 'CN_EDITION', '', '', NULL, 0, 'BKS', '', '', NULL),
		('942', 'h', 'Classification part', 'Classification part', 0, 0, 'biblioitems.cn_class', 9, '', '', '', NULL, 0, 'BKS', '', '', NULL),
		('942', 'i', 'Item part', 'Item part', 1, 0, 'biblioitems.cn_item', 9, '', '', '', NULL, 9, 'BKS', '', '', NULL),
		('942', 'k', 'Call number prefix', 'Call number prefix', 0, 0, 'biblioitems.cn_prefix', 9, '', '', '', NULL, 0, 'BKS', '', '', NULL),
		('942', 'm', 'Call number suffix', 'Call number suffix', 0, 0, 'biblioitems.cn_suffix', 9, '', '', '', 0, 0, 'BKS', '', '', NULL),
		('942', 'n', 'Suppress in OPAC', 'Suppress in OPAC', 0, 0, NULL, 9, '', '', '', 0, 0, 'BKS', '', '', NULL),
		('942', 's', 'Serial record flag', 'Serial record', 0, 0, 'biblio.serial', 9, '', '', '', 0, -5, 'BKS', '', '', NULL);


-- ******************************************************


-- Plugins which need to be written for items Field/Subfields


-- 		('952', '2', 'Source of classification or shelving scheme', 'Source of classification or shelving scheme', 0, 0, 'items.cn_source', 10, '', '', 'marc21_classcodes.pl', NULL, 0, 'BKS', '', '', NULL),
-- 		('952', 'o', 'Full call number', 'Full call number', 0, 0, 'items.itemcallnumber', 10, '', 'marc21_itemcallnumber.pl', NULL, 0, 0, 'BKS', '', '', NULL),



-- Current items Field/Subfields


INSERT INTO `marc_tag_structure` (`tagfield`, `liblibrarian`, `libopac`, `repeatable`, `mandatory`, `authorised_value`, `frameworkcode`) VALUES
		('952', 'LOCATION AND ITEM INFORMATION (KOHA)', 'LOCATION AND ITEM INFORMATION (KOHA)', 1, 0, '', 'BKS');

INSERT INTO `marc_subfield_structure` (`tagfield`, `tagsubfield`, `liblibrarian`, `libopac`, `repeatable`, `mandatory`, `kohafield`, `tab`, `authorised_value`, `authtypecode`, `value_builder`, `isurl`, `hidden`, `frameworkcode`, `seealso`, `link`, `defaultvalue`) VALUES
		('952', '0', 'Withdrawn status', 'Withdrawn status', 0, 0, 'items.wthdrawn', 10, 'WITHDRAWN', '', '', 0, 0, 'BKS', '', '', NULL),
		('952', '1', 'Lost status', 'Lost status', 0, 0, 'items.itemlost', 10, 'LOST', '', '', 0, 0, 'BKS', '', '', NULL),
		('952', '2', 'Source of classification or shelving scheme', 'Source of classification or shelving scheme', 0, 0, 'items.cn_source', 10, 'cn_source', '', '', NULL, 0, 'BKS', '', '', NULL),
		('952', '3', 'Materials specified (bound volume or other part)', 'Materials specified (bound volume or other part)', 0, 0, 'items.materials', 10, '', '', '', NULL, -1, 'BKS', '', '', NULL),
		('952', '4', 'Damaged status', 'Damaged status', 0, 0, 'items.damaged', 10, 'DAMAGED', '', '', NULL, 0, 'BKS', '', '', NULL),
		('952', '5', 'Use restrictions', 'Use restrictions', 0, 0, 'items.restricted', 10, 'RESTRICTED', '', '', 0, 0, 'BKS', '', '', NULL),
		('952', '6', 'Koha normalized classification for sorting', 'Koha normalized classification for sorting', 0, 0, 'items.cn_sort', -1, '', '', '', 0, 7, 'BKS', '', '', NULL),
		('952', '7', 'Not for loan', 'Not for loan', 0, 0, 'items.notforloan', 10, 'NOT_LOAN', '', '', 0, 0, 'BKS', '', '', NULL),
		('952', '8', 'Collection code', 'Collection code', 0, 0, 'items.ccode', 10, 'CCODE', '', '', 0, 0, 'BKS', '', '', NULL),
		('952', '9', 'Koha itemnumber (autogenerated)', 'Koha itemnumber', 0, 0, 'items.itemnumber', -1, '', '', '', 0, 7, 'BKS', '', '', NULL),
		('952', 'a', 'Permanent location', 'Permanent location', 0, 0, 'items.homebranch', 10, 'branches', '', '', 0, 0, 'BKS', '', '', NULL),
		('952', 'b', 'Current location', 'Current location', 0, 0, 'items.holdingbranch', 10, 'branches', '', '', 0, 0, 'BKS', '', '', NULL),
		('952', 'c', 'Shelving location', 'Shelving location', 0, 0, 'items.location', 10, 'LOC', '', '', 0, 0, 'BKS', '', '', NULL),
		('952', 'd', 'Date acquired', 'Date acquired', 0, 0, 'items.dateaccessioned', 10, '', '', 'dateaccessioned.pl', 0, 0, 'BKS', '', '', NULL),
		('952', 'e', 'Source of acquisition', 'Source of acquisition', 0, 0, 'items.booksellerid', 10, '', '', '', 0, 0, 'BKS', '', '', NULL),
		('952', 'f', 'Coded location qualifier', 'Coded location qualifier', 0, 0, 'items.coded_location_qualifier', 10, '', '', '', NULL, 0, 'BKS', '', '', NULL),
		('952', 'g', 'Cost, normal purchase price', 'Cost, normal purchase price', 0, 0, 'items.price', 10, '', '', '', 0, 0, 'BKS', '', '', NULL),
		('952', 'h', 'Serial Enumeration / chronology','Serial Enumeration / chronology', 0, 0, 'items.enumchron', 10, '', '', '', 0, 0, 'BKS', '', '', NULL),
        ('952', 'i', 'Inventory number','Inventory number', 0, 0, 'items.stocknumber', 10, '', '', '', 0, 0, 'BKS', '', '', NULL),
		('952', 'j', 'Shelving control number', 'Shelving control number', 0, 0, 'items.stack', 10, 'STACK', '', '', NULL, -1, 'BKS', '', '', NULL),
		('952', 'l', 'Total Checkouts', 'Total Checkouts', 0, 0, 'items.issues', 10, '', '', '', NULL, -5, 'BKS', '', '', NULL),
		('952', 'm', 'Total Renewals', 'Total Renewals', 0, 0, 'items.renewals', 10, '', '', '', NULL, -5, 'BKS', '', '', NULL),
		('952', 'n', 'Total Holds', 'Total Holds', 0, 0, 'items.reserves', 10, '', '', '', NULL, -5, 'BKS', '', '', NULL),
		('952', 'o', 'Full call number', 'Full call number', 0, 0, 'items.itemcallnumber', 10, '', '', NULL, 0, 0, 'BKS', '', '', NULL),
		('952', 'p', 'Barcode', 'Barcode', 0, 0, 'items.barcode', 10, '', '', 'barcode.pl', 0, 0, 'BKS', '', '', NULL),
		('952', 'q', 'Checked out', 'Checked out', 0, 0, 'items.onloan', 10, '', '', '', NULL, -5, 'BKS', '', '', NULL),
		('952', 'r', 'Date last seen', 'Date last seen', 0, 0, 'items.datelastseen', 10, '', '', '', NULL, -5, 'BKS', '', '', NULL),
		('952', 's', 'Date last borrowed', 'Date last borrowed', 0, 0, 'items.datelastborrowed', 10, '', '', '', NULL, -5, 'BKS', '', '', NULL),
		('952', 't', 'Copy number', 'Copy number', 0, 0, 'items.copynumber', 10, '', '', '', NULL, 0, 'BKS', '', '', NULL),
		('952', 'u', 'Uniform Resource Identifier', 'Uniform Resource Identifier', 0, 0, 'items.uri', 10, '', '', '', 1, 0, 'BKS', '', '', NULL),
		('952', 'v', 'Cost, replacement price', 'Cost, replacement price', 0, 0, 'items.replacementprice', 10, '', '', '', 0, 0, 'BKS', '', '', NULL),
		('952', 'w', 'Price effective from', 'Price effective from', 0, 0, 'items.replacementpricedate', 10, '', '', '', 0, 0, 'BKS', '', '', NULL),
		('952', 'x', 'Non-public note', 'Non-public note', 0, 0, '', 10, '', '', '', NULL, 1, 'BKS', '', '', NULL),
		('952', 'y', 'Koha item type', 'Koha item type', 0, 0, 'items.itype', 10, 'itemtypes', '', '', NULL, 0, 'BKS', '', '', NULL),
		('952', 'z', 'Public note', 'Public note', 0, 0, 'items.itemnotes', 10, '', '', '', NULL, 0, 'BKS', '', '', NULL);



-- *******************************************************



-- *********************************************************************
-- SIMPLE BOOKS MARC 21 FIELDS/SUBFIELDS AND COMMMONLY USED EXTENSIONS.
-- *********************************************************************



INSERT INTO `marc_tag_structure` (`tagfield`, `liblibrarian`, `libopac`, `repeatable`, `mandatory`, `authorised_value`, `frameworkcode`) VALUES
		('000', 'LEADER', 'LEADER', 0, 1, '', 'BKS'),
		('001', 'CONTROL NUMBER', 'CONTROL NUMBER', 0, 0, '', 'BKS'),
		('003', 'CONTROL NUMBER IDENTIFIER', 'CONTROL NUMBER IDENTIFIER', 0, 0, '', 'BKS'),
		('005', 'DATE AND TIME OF LATEST TRANSACTION', 'DATE AND TIME OF LATEST TRANSACTION', 0, 0, '', 'BKS'),
		('006', 'FIXED-LENGTH DATA ELEMENTS--ADDITIONAL MATERIAL CHARACTERISTICS--GENERAL INFORMATION', 'FIXED-LENGTH DATA ELEMENTS--ADDITIONAL MATERIAL CHARACTERISTICS--GENERAL INFORMATION', 1, 0, '', 'BKS'),
		('007', 'PHYSICAL DESCRIPTION FIXED FIELD--GENERAL INFORMATION', 'PHYSICAL DESCRIPTION FIXED FIELD--GENERAL INFORMATION', 1, 0, '', 'BKS'),
		('008', 'FIXED-LENGTH DATA ELEMENTS--GENERAL INFORMATION', 'FIXED-LENGTH DATA ELEMENTS--GENERAL INFORMATION', 0, 1, '', 'BKS'),
		('009', 'PHYSICAL DESCRIPTION FIXED-FIELD FOR ARCHIVAL COLLECTION (VM) [OBSOLETE]', 'PHYSICAL DESCRIPTION FIXED-FIELD FOR ARCHIVAL COLLECTION (VM) [OBSOLETE]', 1, 0, '', 'BKS'),
		('010', 'LIBRARY OF CONGRESS CONTROL NUMBER', 'LIBRARY OF CONGRESS CONTROL NUMBER', 0, 0, '', 'BKS'),
		('011', 'LINKING LIBRARY OF CONGRESS CONTROL NUMBER [OBSOLETE]', 'LINKING LIBRARY OF CONGRESS CONTROL NUMBER [OBSOLETE]', 0, 0, '', 'BKS'),
		('013', 'PATENT CONTROL INFORMATION', 'PATENT CONTROL INFORMATION', 1, 0, '', 'BKS'),
		('015', 'NATIONAL BIBLIOGRAPHY NUMBER', 'NATIONAL BIBLIOGRAPHY NUMBER', 1, 0, '', 'BKS'),
		('016', 'NATIONAL BIBLIOGRAPHIC AGENCY CONTROL NUMBER', 'NATIONAL BIBLIOGRAPHIC AGENCY CONTROL NUMBER', 1, 0, '', 'BKS'),
		('017', 'COPYRIGHT OR LEGAL DEPOSIT NUMBER', 'COPYRIGHT OR LEGAL DEPOSIT NUMBER', 1, 0, '', 'BKS'),
		('018', 'COPYRIGHT ARTICLE-FEE CODE', 'COPYRIGHT ARTICLE-FEE CODE', 0, 0, '', 'BKS'),
		('020', 'ISBN', 'INTERNATIONAL STANDARD BOOK NUMBER', 1, 0, NULL, 'BKS'),
		('022', 'INTERNATIONAL STANDARD SERIAL NUMBER', 'INTERNATIONAL STANDARD SERIAL NUMBER', 1, 0, NULL, 'BKS'),
		('023', 'STANDARD FILM NUMBER (VM) [DELETED]', 'STANDARD FILM NUMBER (VM) [DELETED]', 1, 0, NULL, 'BKS'),
		('024', 'OTHER STANDARD IDENTIFIER', 'OTHER STANDARD IDENTIFIER', 1, 0, NULL, 'BKS'),
		('025', 'OVERSEAS ACQUISITION NUMBER', 'OVERSEAS ACQUISITION NUMBER', 1, 0, '', 'BKS'),
		('026', 'FINGERPRINT IDENTIFIER', 'FINGERPRINT IDENTIFIER', 1, 0, '', 'BKS'),
		('027', 'STANDARD TECHNICAL REPORT NUMBER', 'STANDARD TECHNICAL REPORT NUMBER', 1, 0, '', 'BKS'),
		('028', 'PUBLISHER NUMBER', 'PUBLISHER NUMBER', 1, 0, NULL, 'BKS'),
		('029', 'OTHER SYSTEM CONTROL NUMBER (OCLC)', ' (OCLC)', 1, 0, '', 'BKS'),
		('030', 'CODEN DESIGNATION', 'CODEN DESIGNATION', 1, 0, '', 'BKS'),
		('031', 'MUSICAL INCIPITS INFORMATION', 'MUSICAL INCIPITS INFORMATION', 1, 0, '', 'BKS'),
		('032', 'POSTAL REGISTRATION NUMBER', 'POSTAL REGISTRATION NUMBER', 1, 0, '', 'BKS'),
		('033', 'DATE/TIME AND PLACE OF AN EVENT', 'DATE/TIME AND PLACE OF AN EVENT', 1, 0, '', 'BKS'),
		('034', 'CODED CARTOGRAPHIC MATHEMATICAL DATA', 'CODED CARTOGRAPHIC MATHEMATICAL DATA', 1, 0, '', 'BKS'),
		('035', 'SYSTEM CONTROL NUMBER', 'SYSTEM CONTROL NUMBER', 1, 0, NULL, 'BKS'),
		('036', 'ORIGINAL STUDY NUMBER FOR COMPUTER DATA FILES', 'ORIGINAL STUDY NUMBER FOR COMPUTER DATA FILES', 0, 0, '', 'BKS'),
		('037', 'PUBLICATION, DISTRIBUTION DETAILS--SOURCE OF ACQUISITION', 'SOURCE OF ACQUISITION', 1, 0, NULL, 'BKS'),
		('038', 'RECORD CONTENT LICENSOR', 'RECORD CONTENT LICENSOR', 0, 0, '', 'BKS'),
		('039', 'LEVEL OF BIBLIOGRAPHIC CONTROL AND CODING DETAIL [OBSOLETE]', 'LEVEL OF BIBLIOGRAPHIC CONTROL AND CODING DETAIL [OBSOLETE]', 0, 0, '', 'BKS'),
		('040', 'CATALOGING SOURCE', 'CATALOGING SOURCE', 0, 0, NULL, 'BKS'),
		('041', 'LANGUAGE CODE', 'LANGUAGE CODE', 1, 0, '', 'BKS'),
		('042', 'AUTHENTICATION CODE', 'AUTHENTICATION CODE', 0, 0, '', 'BKS'),
		('043', 'GEOGRAPHIC AREA CODE', 'GEOGRAPHIC AREA CODE', 0, 0, NULL, 'BKS'),
		('044', 'COUNTRY OF PUBLISHING/PRODUCING ENTITY CODE', 'COUNTRY OF PUBLISHING/PRODUCING ENTITY CODE', 0, 0, '', 'BKS'),
		('045', 'TIME PERIOD OF CONTENT', 'TIME PERIOD OF CONTENT', 0, 0, '', 'BKS'),
		('046', 'SPECIAL CODED DATES', 'SPECIAL CODED DATES', 1, 0, '', 'BKS'),
		('047', 'FORM OF MUSICAL COMPOSITION CODE', 'FORM OF MUSICAL COMPOSITION CODE', 1, 0, '', 'BKS'),
		('048', 'NUMBER OF MUSICAL INSTRUMENTS OR VOICES CODE', 'NUMBER OF MUSICAL INSTRUMENTS OR VOICES CODE', 1, 0, '', 'BKS'),
		('049', 'LOCAL HOLDINGS (OCLC)', 'LOCAL HOLDINGS (OCLC)', 0, 0, '', 'BKS'),
		('050', 'LIBRARY OF CONGRESS CALL NUMBER', 'LIBRARY OF CONGRESS CALL NUMBER', 1, 0, NULL, 'BKS'),
		('051', 'LIBRARY OF CONGRESS COPY, ISSUE, OFFPRINT STATEMENT', 'LIBRARY OF CONGRESS COPY, ISSUE, OFFPRINT STATEMENT', 1, 0, NULL, 'BKS'),
		('052', 'GEOGRAPHIC CLASSIFICATION', 'GEOGRAPHIC CLASSIFICATION', 1, 0, NULL, 'BKS'),
		('055', 'CLASSIFICATION NUMBERS ASSIGNED IN CANADA', 'CLASSIFICATION NUMBERS ASSIGNED IN CANADA', 1, 0, NULL, 'BKS'),
		('060', 'NATIONAL LIBRARY OF MEDICINE CALL NUMBER', 'NATIONAL LIBRARY OF MEDICINE CALL NUMBER', 1, 0, NULL, 'BKS'),
		('061', 'NATIONAL LIBRARY OF MEDICINE COPY STATEMENT', 'NATIONAL LIBRARY OF MEDICINE COPY STATEMENT', 1, 0, NULL, 'BKS'),
		('066', 'CHARACTER SETS PRESENT', 'CHARACTER SETS PRESENT', 0, 0, NULL, 'BKS'),
		('070', 'NATIONAL AGRICULTURAL LIBRARY CALL NUMBER', 'NATIONAL AGRICULTURAL LIBRARY CALL NUMBER', 1, 0, NULL, 'BKS'),
		('071', 'NATIONAL AGRICULTURAL LIBRARY COPY STATEMENT', 'NATIONAL AGRICULTURAL LIBRARY COPY STATEMENT', 1, 0, NULL, 'BKS'),
		('072', 'SUBJECT CATEGORY CODE', 'SUBJECT CATEGORY CODE', 1, 0, NULL, 'BKS'),
		('074', 'GPO ITEM NUMBER', 'GPO ITEM NUMBER', 1, 0, NULL, 'BKS'),
		('080', 'UNIVERSAL DECIMAL CLASSIFICATION NUMBER', 'UNIVERSAL DECIMAL CLASSIFICATION NUMBER', 1, 0, NULL, 'BKS'),
		('082', 'DEWEY DECIMAL CLASSIFICATION NUMBER', 'DEWEY DECIMAL CLASSIFICATION NUMBER', 1, 0, NULL, 'BKS'),
		('084', 'OTHER CLASSIFICATION NUMBER', 'OTHER CLASSIFICATION NUMBER', 1, 0, NULL, 'BKS'),
		('086', 'GOVERNMENT DOCUMENT CLASSIFICATION NUMBER', 'GOVERNMENT DOCUMENT CLASSIFICATION NUMBER', 1, 0, NULL, 'BKS'),
		('087', 'REPORT NUMBER [OBSOLETE, CAN/MARC]', 'REPORT NUMBER [OBSOLETE, CAN/MARC]', 1, 0, NULL, 'BKS'),
		('088', 'REPORT NUMBER', 'REPORT NUMBER', 1, 0, NULL, 'BKS'),
		('090', 'LOCALLY ASSIGNED LC-TYPE CALL NUMBER (OCLC); LOCAL CALL NUMBER (RLIN)', 'LOCALLY ASSIGNED LC-TYPE CALL NUMBER (OCLC); LOCAL CALL NUMBER (OCLC)', 1, 0, '', 'BKS'),
		('091', 'MICROFILM SHELF LOCATION (AM) [OBSOLETE]', 'MICROFILM SHELF LOCATION (AM) [OBSOLETE]', 0, 0, '', 'BKS'),
		('092', 'LOCALLY ASSIGNED DEWEY CALL NUMBER (OCLC)', 'LOCALLY ASSIGNED DEWEY CALL NUMBER (OCLC)', 1, 0, '', 'BKS'),
		('096', 'LOCALLY ASSIGNED NLM-TYPE CALL NUMBER (OCLC)', 'LOCALLY ASSIGNED NLM-TYPE CALL NUMBER (OCLC)', 1, 0, '', 'BKS'),
		('098', 'OTHER CLASSIFICATION SCHEMES (OCLC)', 'OTHER CLASSIFICATION SCHEMES (OCLC)', 1, 0, '', 'BKS'),
		('099', 'LOCAL FREE-TEXT CALL NUMBER (OCLC)', 'LOCAL FREE-TEXT CALL NUMBER (OCLC)', 1, 0, '', 'BKS'),
		('100', 'MAIN ENTRY--PERSONAL AUTHOR', 'MAIN ENTRY--PERSONAL NAME', 0, 0, NULL, 'BKS'),
		('110', 'MAIN ENTRY--CORPORATE AUTHOR', 'MAIN ENTRY--CORPORATE NAME', 0, 0, NULL, 'BKS'),
		('111', 'MAIN ENTRY--MEETING NAME', 'MAIN ENTRY--MEETING NAME', 0, 0, NULL, 'BKS'),
		('130', 'MAIN ENTRY--UNIFORM TITLE', 'MAIN ENTRY--UNIFORM TITLE', 0, 0, NULL, 'BKS'),
		('210', 'ABBREVIATED TITLE', 'ABBREVIATED TITLE', 1, 0, NULL, 'BKS'),
		('211', 'ACRONYM OR SHORTENED TITLE [OBSOLETE]', 'ACRONYM OR SHORTENED TITLE [OBSOLETE]', 1, 0, NULL, 'BKS'),
		('212', 'VARIANT ACCESS TITLE [OBSOLETE]', 'VARIANT ACCESS TITLE [OBSOLETE]', 1, 0, NULL, 'BKS'),
		('214', 'AUGMENTED TITLE [OBSOLETE]', 'AUGMENTED TITLE [OBSOLETE]', 1, 0, NULL, 'BKS'),
		('222', 'KEY TITLE', 'KEY TITLE', 1, 0, NULL, 'BKS'),
		('240', 'UNIFORM TITLE', 'UNIFORM TITLE', 0, 0, 'Unititle', 'BKS'),
		('241', 'ROMANIZED TITLE (BK AM CF MP MU VM) [OBSOLETE]', 'ROMANIZED TITLE (BK AM CF MP MU VM) [OBSOLETE]', 0, 0, '', 'BKS'),
		('242', 'TRANSLATION OF TITLE BY CATALOGING AGENCY', 'TRANSLATION OF TITLE BY CATALOGING AGENCY', 1, 0, NULL, 'BKS'),
		('243', 'COLLECTIVE UNIFORM TITLE', 'COLLECTIVE UNIFORM TITLE', 0, 0, '', 'BKS'),
		('245', 'TITLE', 'TITLE STATEMENT', 0, 1, '', 'BKS'),
		('246', 'VARYING FORM OF TITLE', 'VARYING FORM OF TITLE', 1, 0, NULL, 'BKS'),
		('247', 'FORMER TITLE', 'FORMER TITLE', 1, 0, NULL, 'BKS'),
		('250', 'EDITION STATEMENT', 'EDITION STATEMENT', 0, 0, NULL, 'BKS'),
		('254', 'MUSICAL PRESENTATION STATEMENT', 'MUSICAL PRESENTATION STATEMENT', 0, 0, NULL, 'BKS'),
		('255', 'CARTOGRAPHIC MATHEMATICAL DATA', 'CARTOGRAPHIC MATHEMATICAL DATA', 1, 0, NULL, 'BKS'),
		('256', 'COMPUTER FILE CHARACTERISTICS', 'COMPUTER FILE CHARACTERISTICS', 0, 0, NULL, 'BKS'),
		('257', 'COUNTRY OF PRODUCING ENTITY FOR ARCHIVAL FILMS', 'COUNTRY OF PRODUCING ENTITY FOR ARCHIVAL FILMS', 0, 0, NULL, 'BKS'),
		('258', 'PHILATELIC ISSUE DATE', 'PHILATELIC ISSUE DATE', 1, 0, NULL, 'BKS'),
		('260', 'PUBLISHER--PUBLICATION, DISTRIBUTION, ETC. (IMPRINT)', 'PUBLICATION, DISTRIBUTION, ETC. (IMPRINT)', 1, 0, NULL, 'BKS'),
		('261', 'IMPRINT STATEMENT FOR FILMS (Pre-AACR 1 Revised) [OBSOLETE, CAN/MARC], [LOCAL, USA]', 'IMPRINT STATEMENT FOR FILMS (Pre-AACR 1 Revised) [OBSOLETE, CAN/MARC], [LOCAL, USA]', 0, 0, NULL, 'BKS'),
		('262', 'IMPRINT STATEMENT FOR SOUND RECORDINGS (Pre-AACR 2) [LOCAL, USA]', 'IMPRINT STATEMENT FOR SOUND RECORDINGS (Pre-AACR 2) [LOCAL, USA]', 0, 0, NULL, 'BKS'),
		('263', 'PROJECTED PUBLICATION DATE', 'PROJECTED PUBLICATION DATE', 0, 0, NULL, 'BKS'),
		('265', 'SOURCE FOR ACQUISITION/SUBSCRIPTION ADDRESS [OBSOLETE]', 'SOURCE FOR ACQUISITION/SUBSCRIPTION ADDRESS [OBSOLETE]', 0, 0, NULL, 'BKS'),
		('270', 'PUBLICATION, DISTRIBUTION DETAILS--ADDRESS', 'ADDRESS', 1, 0, NULL, 'BKS'),
		('300', 'PHYSICAL DESCRIPTION', 'PHYSICAL DESCRIPTION', 1, 1, NULL, 'BKS'),
		('301', 'PHYSICAL DESCRIPTION FOR FILMS (PRE-AACR 2) (VM) [OBSOLETE, USMARC]', 'PHYSICAL DESCRIPTION FOR FILMS (PRE-AACR 2) (VM) [OBSOLETE, USMARC]', 0, 0, NULL, 'BKS'),
		('302', 'PAGE OR ITEM COUNT (BK AM) [OBSOLETE]', 'PAGE OR ITEM COUNT (BK AM) [OBSOLETE]', 0, 0, NULL, 'BKS'),
		('303', 'UNIT COUNT (AM) [OBSOLETE, USMARC]', 'UNIT COUNT (AM) [OBSOLETE, USMARC]', 0, 0, NULL, 'BKS'),
		('304', 'LINEAR FOOTAGE (AM) [OBSOLETE, USMARC]', 'LINEAR FOOTAGE (AM) [OBSOLETE, USMARC]', 0, 0, NULL, 'BKS'),
		('305', 'PHYSICAL DESCRIPTION FOR SOUND RECORDINGS (Pre-AACR 2) (MU) [OBSOLETE]', 'PHYSICAL DESCRIPTION FOR SOUND RECORDINGS (Pre-AACR 2) (MU) [OBSOLETE]', 0, 0, NULL, 'BKS'),
		('306', 'PLAYING TIME', 'PLAYING TIME', 0, 0, NULL, 'BKS'),
		('307', 'HOURS, ETC.', 'HOURS, ETC.', 1, 0, NULL, 'BKS'),
		('308', 'PHYSICAL DESCRIPTION FOR FILMS (ARCHIVAL) (VM) [OBSOLETE]', 'PHYSICAL DESCRIPTION FOR FILMS (ARCHIVAL) (VM) [OBSOLETE]', 1, 0, NULL, 'BKS'),
		('310', 'CURRENT PUBLICATION FREQUENCY', 'CURRENT PUBLICATION FREQUENCY', 0, 0, NULL, 'BKS'),
		('315', 'FREQUENCY (CF MP) [OBSOLETE]', 'FREQUENCY (CF MP) [OBSOLETE]', 0, 0, NULL, 'BKS'),
		('321', 'FORMER PUBLICATION FREQUENCY', 'FORMER PUBLICATION FREQUENCY', 1, 0, NULL, 'BKS'),
		('340', 'PHYSICAL MEDIUM', 'PHYSICAL MEDIUM', 1, 0, NULL, 'BKS'),
		('342', 'GEOSPATIAL REFERENCE DATA', 'GEOSPATIAL REFERENCE DATA', 1, 0, NULL, 'BKS'),
		('343', 'PLANAR COORDINATE DATA', 'PLANAR COORDINATE DATA', 1, 0, NULL, 'BKS'),
		('350', 'PRICE (NR) (BK AM CF MU VM SE) [OBSOLETE]', 'PRICE (NR) (BK AM CF MU VM SE) [OBSOLETE]', 1, 0, NULL, 'BKS'),
		('351', 'ORGANIZATION AND ARRANGEMENT OF MATERIALS', 'ORGANIZATION AND ARRANGEMENT OF MATERIALS', 1, 0, NULL, 'BKS'),
		('352', 'DIGITAL GRAPHIC REPRESENTATION', 'DIGITAL GRAPHIC REPRESENTATION', 1, 0, NULL, 'BKS'),
		('355', 'SECURITY CLASSIFICATION CONTROL', 'SECURITY CLASSIFICATION CONTROL', 1, 0, NULL, 'BKS'),
		('357', 'ORIGINATOR DISSEMINATION CONTROL', 'ORIGINATOR DISSEMINATION CONTROL', 0, 0, NULL, 'BKS'),
		('359', 'RENTAL PRICE (VM) [OBSOLETE]', 'RENTAL PRICE (VM) [OBSOLETE]', 0, 0, NULL, 'BKS'),
		('362', 'DATES OF PUBLICATION AND/OR SEQUENTIAL DESIGNATION', 'DATES OF PUBLICATION AND/OR SEQUENTIAL DESIGNATION', 1, 0, NULL, 'BKS'),
		('365', 'PUBLICATION, DISTRIBUTION DETAILS--TRADE PRICE', 'TRADE PRICE', 1, 0, NULL, 'BKS'),
		('366', 'PUBLICATION, DISTRIBUTION DETAILS--TRADE AVAILABILITY INFORMATION', 'TRADE AVAILABILITY INFORMATION', 1, 0, NULL, 'BKS'),
		('400', 'SERIES STATEMENT/ADDED ENTRY--PERSONAL NAME [OBSOLETE, CAN/MARC], [LOCAL, USA]', 'SERIES STATEMENT/ADDED ENTRY--PERSONAL NAME [OBSOLETE, CAN/MARC], [LOCAL, USA]', 1, 0, NULL, 'BKS'),
		('410', 'SERIES STATEMENT/ADDED ENTRY--CORPORATE NAME [OBSOLETE, CAN/MARC], [LOCAL, USA]', 'SERIES STATEMENT/ADDED ENTRY--CORPORATE NAME [OBSOLETE, CAN/MARC], [LOCAL, USA]', 1, 0, NULL, 'BKS'),
		('411', 'SERIES STATEMENT/ADDED ENTRY--MEETING NAME [OBSOLETE, CAN/MARC], [LOCAL, USA]', 'SERIES STATEMENT/ADDED ENTRY--MEETING NAME [OBSOLETE, CAN/MARC], [LOCAL, USA]', 1, 0, NULL, 'BKS'),
		('440', 'SERIES--TITLE', 'SERIES STATEMENT/ADDED ENTRY--TITLE', 1, 0, NULL, 'BKS'),
		('490', 'SERIES STATEMENT', 'SERIES STATEMENT', 1, 0, '', 'BKS'),
		('500', 'GENERAL NOTE', 'GENERAL NOTE', 1, 0, NULL, 'BKS'),
		('501', 'WITH NOTE', 'WITH NOTE', 1, 0, NULL, 'BKS'),
		('502', 'DISSERTATION NOTE', 'DISSERTATION NOTE', 1, 0, NULL, 'BKS'),
		('503', 'BIBLIOGRAPHIC HISTORY NOTE (BK CF MU) [OBSOLETE]', 'BIBLIOGRAPHIC HISTORY NOTE (BK CF MU) [OBSOLETE]', 1, 0, NULL, 'BKS'),
		('504', 'BIBLIOGRAPHY, ETC. NOTE', 'BIBLIOGRAPHY, ETC. NOTE', 1, 0, NULL, 'BKS'),
		('505', 'FORMATTED CONTENTS NOTE', 'FORMATTED CONTENTS NOTE', 1, 0, NULL, 'BKS'),
		('506', 'RESTRICTIONS ON ACCESS NOTE', 'RESTRICTIONS ON ACCESS NOTE', 1, 0, NULL, 'BKS'),
		('507', 'SCALE NOTE FOR GRAPHIC MATERIAL', 'SCALE NOTE FOR GRAPHIC MATERIAL', 0, 0, NULL, 'BKS'),
		('508', 'CREATION/PRODUCTION CREDITS NOTE', 'CREATION/PRODUCTION CREDITS NOTE', 1, 0, NULL, 'BKS'),
		('509', 'INFORMAL NOTES (RLIN)', 'INFORMAL NOTES (RLIN)', 0, 0, NULL, 'BKS'),
		('510', 'CITATION/REFERENCES NOTE', 'CITATION/REFERENCES NOTE', 1, 0, NULL, 'BKS'),
		('511', 'PARTICIPANT OR PERFORMER NOTE', 'PARTICIPANT OR PERFORMER NOTE', 1, 0, NULL, 'BKS'),
		('512', 'EARLIER OR LATER VOLUMES SEPARATELY CATALOGED NOTE (SE) [OBSOLETE]', 'EARLIER OR LATER VOLUMES SEPARATELY CATALOGED NOTE (SE) [OBSOLETE]', 1, 0, NULL, 'BKS'),
		('513', 'TYPE OF REPORT AND PERIOD COVERED NOTE', 'TYPE OF REPORT AND PERIOD COVERED NOTE', 1, 0, NULL, 'BKS'),
		('514', 'DATA QUALITY NOTE', 'DATA QUALITY NOTE', 0, 0, NULL, 'BKS'),
		('515', 'NUMBERING PECULIARITIES NOTE', 'NUMBERING PECULIARITIES NOTE', 1, 0, NULL, 'BKS'),
		('516', 'TYPE OF COMPUTER FILE OR DATA NOTE', 'TYPE OF COMPUTER FILE OR DATA NOTE', 1, 0, NULL, 'BKS'),
		('517', 'CATEGORIES OF FILMS NOTE (ARCHIVAL) (VM) [OBSOLETE]', 'CATEGORIES OF FILMS NOTE (ARCHIVAL) (VM) [OBSOLETE]', 0, 0, NULL, 'BKS'),
		('518', 'DATE/TIME AND PLACE OF AN EVENT NOTE', 'DATE/TIME AND PLACE OF AN EVENT NOTE', 1, 0, NULL, 'BKS'),
		('520', 'SUMMARY, ETC.', 'SUMMARY, ETC.', 1, 0, NULL, 'BKS'),
		('521', 'GRADE LEVEL/TARGET AUDIENCE NOTE', 'TARGET AUDIENCE NOTE', 1, 0, NULL, 'BKS'),
		('522', 'GEOGRAPHIC DETAILS/GEOGRAPHIC COVERAGE NOTE', 'GEOGRAPHIC COVERAGE NOTE', 1, 0, NULL, 'BKS'),
		('523', 'TIME PERIOD OF CONTENT NOTE (CF) [OBSOLETE]', 'TIME PERIOD OF CONTENT NOTE (CF) [OBSOLETE]', 0, 0, NULL, 'BKS'),
		('524', 'PREFERRED CITATION OF DESCRIBED MATERIALS NOTE', 'PREFERRED CITATION OF DESCRIBED MATERIALS NOTE', 1, 0, NULL, 'BKS'),
		('525', 'SUPPLEMENT NOTE', 'SUPPLEMENT NOTE', 0, 0, NULL, 'BKS'),
		('526', 'STUDY PROGRAM INFORMATION NOTE', 'STUDY PROGRAM INFORMATION NOTE', 0, 0, NULL, 'BKS'),
		('527', 'CENSORSHIP NOTE (VM) [OBSOLETE]', 'CENSORSHIP NOTE (VM) [OBSOLETE]', 1, 0, NULL, 'BKS'),
		('530', 'ADDITIONAL PHYSICAL FORM AVAILABLE NOTE', 'ADDITIONAL PHYSICAL FORM AVAILABLE NOTE', 1, 0, NULL, 'BKS'),
		('533', 'REPRODUCTION NOTE', 'REPRODUCTION NOTE', 1, 0, NULL, 'BKS'),
		('534', 'ORIGINAL VERSION NOTE', 'ORIGINAL VERSION NOTE', 1, 0, NULL, 'BKS'),
		('535', 'LOCATION OF ORIGINALS/DUPLICATES NOTE', 'LOCATION OF ORIGINALS/DUPLICATES NOTE', 1, 0, NULL, 'BKS'),
		('536', 'FUNDING INFORMATION NOTE', 'FUNDING INFORMATION NOTE', 1, 0, NULL, 'BKS'),
		('537', 'SOURCE OF DATA NOTE (CF) [OBSOLETE]', 'SOURCE OF DATA NOTE (CF) [OBSOLETE]', 0, 0, NULL, 'BKS'),
		('538', 'SYSTEM DETAILS NOTE', 'SYSTEM DETAILS NOTE', 1, 0, NULL, 'BKS'),
		('540', 'TERMS GOVERNING USE AND REPRODUCTION NOTE', 'TERMS GOVERNING USE AND REPRODUCTION NOTE', 1, 0, NULL, 'BKS'),
		('541', 'ACQUISITION INFO--IMMEDIATE SOURCE OF ACQUISITION NOTE', 'IMMEDIATE SOURCE OF ACQUISITION NOTE', 1, 0, NULL, 'BKS'),
		('543', 'SOLICITATION INFORMATION NOTE (AM) [OBSOLETE]', 'SOLICITATION INFORMATION NOTE (AM) [OBSOLETE]', 1, 0, NULL, 'BKS'),
		('544', 'LOCATION OF OTHER ARCHIVAL MATERIALS NOTE', 'LOCATION OF OTHER ARCHIVAL MATERIALS NOTE', 1, 0, NULL, 'BKS'),
		('546', 'LANGUAGE/TRANSLATION INFO', 'LANGUAGE NOTE', 1, 0, NULL, 'BKS'),
		('547', 'FORMER TITLE COMPLEXITY NOTE', 'FORMER TITLE COMPLEXITY NOTE', 1, 0, NULL, 'BKS'),
		('550', 'ISSUING BODY NOTE', 'ISSUING BODY NOTE', 1, 0, NULL, 'BKS'),
		('552', 'ENTITY AND ATTRIBUTE INFORMATION NOTE', 'ENTITY AND ATTRIBUTE INFORMATION NOTE', 1, 0, NULL, 'BKS'),
		('555', 'CUMULATIVE INDEX/FINDING AIDS NOTE', 'CUMULATIVE INDEX/FINDING AIDS NOTE', 1, 0, NULL, 'BKS'),
		('556', 'INFORMATION ABOUT DOCUMENTATION NOTE', 'INFORMATION ABOUT DOCUMENTATION NOTE', 1, 0, NULL, 'BKS'),
		('561', 'OWNERSHIP AND CUSTODIAL HISTORY', 'OWNERSHIP AND CUSTODIAL HISTORY', 1, 0, NULL, 'BKS'),
		('562', 'COPY AND VERSION IDENTIFICATION NOTE', 'COPY AND VERSION IDENTIFICATION NOTE', 1, 0, NULL, 'BKS'),
		('563', 'BINDING INFORMATION', 'BINDING INFORMATION', 1, 0, NULL, 'BKS'),
		('565', 'CASE FILE CHARACTERISTICS NOTE', 'CASE FILE CHARACTERISTICS NOTE', 1, 0, NULL, 'BKS'),
		('567', 'METHODOLOGY NOTE', 'METHODOLOGY NOTE', 1, 0, NULL, 'BKS'),
		('570', 'EDITOR NOTE (SE) [OBSOLETE]', 'EDITOR NOTE (SE) [OBSOLETE]', 1, 0, NULL, 'BKS'),
		('580', 'LINKING ENTRY COMPLEXITY NOTE', 'LINKING ENTRY COMPLEXITY NOTE', 1, 0, NULL, 'BKS'),
		('581', 'PUBLICATIONS ABOUT DESCRIBED MATERIALS NOTE', 'PUBLICATIONS ABOUT DESCRIBED MATERIALS NOTE', 1, 0, NULL, 'BKS'),
		('582', 'RELATED COMPUTER FILES NOTE (CF) [OBSOLETE]', 'RELATED COMPUTER FILES NOTE (CF) [OBSOLETE]', 1, 0, NULL, 'BKS'),
		('583', 'ACQUISITION INFO--ACTION NOTE', 'ACTION NOTE', 1, 0, NULL, 'BKS'),
		('584', 'ACCUMULATION AND FREQUENCY OF USE NOTE', 'ACCUMULATION AND FREQUENCY OF USE NOTE', 1, 0, NULL, 'BKS'),
		('585', 'EXHIBITIONS NOTE', 'EXHIBITIONS NOTE', 1, 0, NULL, 'BKS'),
		('586', 'AWARDS', 'AWARDS NOTE', 1, 0, NULL, 'BKS'),
		('590', 'LOCAL NOTE (RLIN)', 'LOCAL NOTE (RLIN)', 1, 0, NULL, 'BKS'),
		('600', 'SUBJECT--PERSONAL NAME', 'SUBJECT ADDED ENTRY--PERSONAL NAME', 1, 0, NULL, 'BKS'),
		('610', 'SUBJECT--CORPORATE NAME', 'SUBJECT ADDED ENTRY--CORPORATE NAME', 1, 0, NULL, 'BKS'),
		('611', 'SUBJECT--MEETING NAME', 'SUBJECT ADDED ENTRY--MEETING NAME', 1, 0, NULL, 'BKS'),
		('630', 'SUBJECT--UNIFORM TITLE', 'SUBJECT ADDED ENTRY--UNIFORM TITLE', 1, 0, NULL, 'BKS'),
		('648', 'SUBJECT--CHRONOLOGICAL TERM', 'SUBJECT ADDED ENTRY--CHRONOLOGICAL TERM', 1, 0, NULL, 'BKS'),
		('650', 'SUBJECT--TOPIC', 'SUBJECT ADDED ENTRY--TOPICAL TERM', 1, 0, NULL, 'BKS'),
		('651', 'SUBJECT--GEOGRAPHIC NAME', 'SUBJECT ADDED ENTRY--GEOGRAPHIC NAME', 1, 0, NULL, 'BKS'),
		('652', 'SUBJECT ADDED ENTRY--REVERSE GEOGRAPHIC (BK MP SE) [OBSOLETE]', 'SUBJECT ADDED ENTRY--REVERSE GEOGRAPHIC (BK MP SE) [OBSOLETE]', 1, 0, NULL, 'BKS'),
		('653', 'SUBJECT--UNCONTROLLED', 'INDEX TERM--UNCONTROLLED', 1, 0, NULL, 'BKS'),
		('654', 'SUBJECT ADDED ENTRY--FACETED TOPICAL TERM', 'SUBJECT ADDED ENTRY--FACETED TOPICAL TERM', 1, 0, NULL, 'BKS'),
		('655', 'SUBJECT--GENRE/FORM', 'INDEX TERM--GENRE/FORM', 1, 0, NULL, 'BKS'),
		('656', 'SUBJECT--OCCUPATION', 'INDEX TERM--OCCUPATION', 1, 0, NULL, 'BKS'),
		('657', 'SUBJECT--FUNCTION', 'INDEX TERM--FUNCTION', 1, 0, NULL, 'BKS'),
		('658', 'SUBJECT--CURRICULUM OBJECTIVE', 'INDEX TERM--CURRICULUM OBJECTIVE', 1, 0, NULL, 'BKS'),
		('662', 'SUBJECT ADDED ENTRY--HIERARCHICAL PLACE NAME', 'SUBJECT ADDED ENTRY--HIERARCHICAL PLACE NAME', 1, 0, NULL, 'BKS'),
		('690', 'LOCAL SUBJECT--TOPICAL TERM (OCLC, RLIN)', 'LOCAL SUBJECT ADDED ENTRY--TOPICAL TERM (OCLC, RLIN)', 1, 0, '', 'BKS'),
		('691', 'LOCAL SUBJECT ADDED ENTRY--GEOGRAPHIC NAME (RLIN)', 'LOCAL SUBJECT ADDED ENTRY--GEOGRAPHIC NAME (RLIN)', 1, 0, '', 'BKS'),
		('696', 'LOCAL SUBJECT ADDED ENTRY--PERSONAL NAME (RLIN)', 'LOCAL SUBJECT ADDED ENTRY--PERSONAL NAME (RLIN)', 1, 0, '', 'BKS'),
		('697', 'LOCAL SUBJECT ADDED ENTRY--CORPORATE NAME (RLIN)', 'LOCAL SUBJECT ADDED ENTRY--CORPORATE NAME (RLIN)', 1, 0, '', 'BKS'),
		('698', 'LOCAL SUBJECT ADDED ENTRY--MEETING NAME (RLIN)', 'LOCAL SUBJECT ADDED ENTRY--MEETING NAME (RLIN)', 1, 0, '', 'BKS'),
		('699', 'LOCAL SUBJECT ADDED ENTRY--UNIFORM TITLE (RLIN)', 'LOCAL SUBJECT ADDED ENTRY--UNIFORM TITLE (RLIN)', 1, 0, '', 'BKS'),
		('700', 'ADDED ENTRY--PERSONAL AUTHOR', 'ADDED ENTRY--PERSONAL NAME', 1, 0, NULL, 'BKS'),
		('705', 'ADDED ENTRY--PERSONAL NAME (PERFORMER) (MU) [OBSOLETE]', 'ADDED ENTRY--PERSONAL NAME (PERFORMER) (MU) [OBSOLETE]', 1, 0, NULL, 'BKS'),
		('710', 'ADDED ENTRY--CORPORATE AUTHOR', 'ADDED ENTRY--CORPORATE NAME', 1, 0, NULL, 'BKS'),
		('711', 'ADDED ENTRY--MEETING NAME', 'ADDED ENTRY--MEETING NAME', 1, 0, NULL, 'BKS'),
		('715', 'ADDED ENTRY--CORPORATE NAME (PERFORMER) (MU) [OBSOLETE]', 'ADDED ENTRY--CORPORATE NAME (PERFORMER) (MU) [OBSOLETE]', 1, 0, NULL, 'BKS'),
		('720', 'ADDED ENTRY--UNCONTROLLED AUTHOR', 'ADDED ENTRY--UNCONTROLLED NAME', 1, 0, NULL, 'BKS'),
		('730', 'ADDED ENTRY--UNIFORM TITLE', 'ADDED ENTRY--UNIFORM TITLE', 1, 0, NULL, 'BKS'),
		('740', 'ADDED ENTRY--UNCONTROLLED RELATED/ANALYTICAL TITLE', 'ADDED ENTRY--UNCONTROLLED RELATED/ANALYTICAL TITLE', 1, 0, NULL, 'BKS'),
		('752', 'ADDED ENTRY--HIERARCHICAL PLACE NAME', 'ADDED ENTRY--HIERARCHICAL PLACE NAME', 1, 0, NULL, 'BKS'),
		('753', 'SYSTEM DETAILS ACCESS TO COMPUTER FILES', 'SYSTEM DETAILS ACCESS TO COMPUTER FILES', 1, 0, NULL, 'BKS'),
		('754', 'ADDED ENTRY--TAXONOMIC IDENTIFICATION', 'ADDED ENTRY--TAXONOMIC IDENTIFICATION', 1, 0, NULL, 'BKS'),
		('755', 'ADDED ENTRY--PHYSICAL CHARACTERISTICS [OBSOLETE]', 'ADDED ENTRY--PHYSICAL CHARACTERISTICS [OBSOLETE]', 1, 0, NULL, 'BKS'),
		('760', 'MAIN SERIES ENTRY', 'MAIN SERIES ENTRY', 1, 0, NULL, 'BKS'),
		('762', 'SUBSERIES ENTRY', 'SUBSERIES ENTRY', 1, 0, NULL, 'BKS'),
		('765', 'ORIGINAL LANGUAGE ENTRY', 'ORIGINAL LANGUAGE ENTRY', 1, 0, NULL, 'BKS'),
		('767', 'TRANSLATION ENTRY', 'TRANSLATION ENTRY', 1, 0, NULL, 'BKS'),
		('770', 'SUPPLEMENT/SPECIAL ISSUE ENTRY', 'SUPPLEMENT/SPECIAL ISSUE ENTRY', 1, 0, NULL, 'BKS'),
		('772', 'SUPPLEMENT PARENT ENTRY', 'SUPPLEMENT PARENT ENTRY', 1, 0, NULL, 'BKS'),
		('773', 'HOST ITEM ENTRY', 'HOST ITEM ENTRY', 1, 0, NULL, 'BKS'),
		('774', 'CONSTITUENT UNIT ENTRY', 'CONSTITUENT UNIT ENTRY', 1, 0, NULL, 'BKS'),
		('775', 'OTHER EDITION ENTRY', 'OTHER EDITION ENTRY', 1, 0, NULL, 'BKS'),
		('776', 'ADDITIONAL PHYSICAL FORM ENTRY', 'ADDITIONAL PHYSICAL FORM ENTRY', 1, 0, NULL, 'BKS'),
		('777', 'ISSUED WITH ENTRY', 'ISSUED WITH ENTRY', 1, 0, NULL, 'BKS'),
		('780', 'PRECEDING ENTRY', 'PRECEDING ENTRY', 1, 0, NULL, 'BKS'),
		('785', 'SUCCEEDING ENTRY', 'SUCCEEDING ENTRY', 1, 0, NULL, 'BKS'),
		('786', 'DATA SOURCE ENTRY', 'DATA SOURCE ENTRY', 1, 0, NULL, 'BKS'),
		('787', 'NONSPECIFIC RELATIONSHIP ENTRY', 'NONSPECIFIC RELATIONSHIP ENTRY', 1, 0, NULL, 'BKS'),
		('789', 'COMPONENT ITEM ENTRY (RLIN)', 'COMPONENT ITEM ENTRY (RLIN)', 1, 0, '', 'BKS'),
		('796', 'LOCAL ADDED ENTRY--PERSONAL NAME (RLIN)', 'LOCAL ADDED ENTRY--PERSONAL NAME (RLIN)', 1, 0, '', 'BKS'),
		('797', 'LOCAL ADDED ENTRY--CORPORATE NAME (RLIN)', 'LOCAL ADDED ENTRY--CORPORATE NAME (RLIN)', 1, 0, '', 'BKS'),
		('798', 'LOCAL ADDED ENTRY--MEETING NAME (RLIN)', 'LOCAL ADDED ENTRY--MEETING NAME (RLIN)', 1, 0, '', 'BKS'),
		('799', 'LOCAL ADDED ENTRY--UNIFORM TITLE (RLIN)', 'LOCAL ADDED ENTRY--UNIFORM TITLE (RLIN)', 1, 0, '', 'BKS'),
		('800', 'SERIES ADDED ENTRY--PERSONAL NAME', 'SERIES ADDED ENTRY--PERSONAL NAME', 1, 0, NULL, 'BKS'),
		('810', 'SERIES ADDED ENTRY--CORPORATE NAME', 'SERIES ADDED ENTRY--CORPORATE NAME', 1, 0, NULL, 'BKS'),
		('811', 'SERIES ADDED ENTRY--MEETING NAME', 'SERIES ADDED ENTRY--MEETING NAME', 1, 0, NULL, 'BKS'),
		('830', 'SERIES ADDED ENTRY--UNIFORM TITLE', 'SERIES ADDED ENTRY--UNIFORM TITLE', 1, 0, NULL, 'BKS'),
		('840', 'SERIES ADDED ENTRY--TITLE [OBSOLETE]', 'SERIES ADDED ENTRY--TITLE [OBSOLETE]', 1, 0, NULL, 'BKS'),
		('841', 'HOLDINGS CODED DATA VALUES', 'HOLDINGS CODED DATA VALUES', 0, 0, NULL, 'BKS'),
		('842', 'TEXTUAL PHYSICAL FORM DESIGNATOR', 'TEXTUAL PHYSICAL FORM DESIGNATOR', 0, 0, NULL, 'BKS'),
		('843', 'REPRODUCTION NOTE', 'REPRODUCTION NOTE', 1, 0, NULL, 'BKS'),
		('844', 'NAME OF UNIT', 'NAME OF UNIT', 0, 0, NULL, 'BKS'),
		('845', 'TERMS GOVERNING USE AND REPRODUCTION NOTE', 'TERMS GOVERNING USE AND REPRODUCTION NOTE', 1, 0, NULL, 'BKS'),
		('850', 'HOLDING INSTITUTION', 'HOLDING INSTITUTION', 1, 0, NULL, 'BKS'),
		('851', 'LOCATION [OBSOLETE]', 'LOCATION [OBSOLETE]', 1, 0, NULL, 'BKS'),
		('852', 'LOCATION/CALL NUMBER', 'LOCATION/CALL NUMBER', 1, 0, NULL, 'BKS'),
		('853', 'CAPTIONS AND PATTERN--BASIC BIBLIOGRAPHIC UNIT', 'CAPTIONS AND PATTERN--BASIC BIBLIOGRAPHIC UNIT', 1, 0, NULL, 'BKS'),
		('854', 'CAPTIONS AND PATTERN--SUPPLEMENTARY MATERIAL', 'CAPTIONS AND PATTERN--SUPPLEMENTARY MATERIAL', 1, 0, NULL, 'BKS'),
		('855', 'CAPTIONS AND PATTERN--INDEXES', 'CAPTIONS AND PATTERN--INDEXES', 1, 0, NULL, 'BKS'),
		('856', 'URL/ELECTRONIC LOCATION AND ACCESS', 'ELECTRONIC LOCATION AND ACCESS', 1, 0, NULL, 'BKS'),
		('859', 'LOCAL CONTROL INFORMATION (RLIN)', 'LOCAL CONTROL INFORMATION (RLIN)', 1, 0, '', 'BKS'),
		('863', 'ENUMERATION AND CHRONOLOGY--BASIC BIBLIOGRAPHIC UNIT', 'ENUMERATION AND CHRONOLOGY--BASIC BIBLIOGRAPHIC UNIT', 1, 0, NULL, 'BKS'),
		('864', 'ENUMERATION AND CHRONOLOGY--SUPPLEMENTARY MATERIAL', 'ENUMERATION AND CHRONOLOGY--SUPPLEMENTARY MATERIAL', 1, 0, NULL, 'BKS'),
		('865', 'ENUMERATION AND CHRONOLOGY--INDEXES', 'ENUMERATION AND CHRONOLOGY--INDEXES', 1, 0, NULL, 'BKS'),
		('866', 'TEXTUAL HOLDINGS--BASIC BIBLIOGRAPHIC UNIT', 'TEXTUAL HOLDINGS--BASIC BIBLIOGRAPHIC UNIT', 1, 0, NULL, 'BKS'),
		('867', 'TEXTUAL HOLDINGS--SUPPLEMENTARY MATERIAL', 'TEXTUAL HOLDINGS--SUPPLEMENTARY MATERIAL', 1, 0, NULL, 'BKS'),
		('868', 'TEXTUAL HOLDINGS--INDEXES', 'TEXTUAL HOLDINGS--INDEXES', 1, 0, NULL, 'BKS'),
		('870', 'VARIANT PERSONAL NAME (SE) [OBSOLETE]', 'VARIANT PERSONAL NAME (SE) [OBSOLETE]', 1, 0, NULL, 'BKS'),
		('871', 'VARIANT CORPORATE NAME (SE)[OBSOLETE]', 'VARIANT CORPORATE NAME (SE)[OBSOLETE]', 1, 0, NULL, 'BKS'),
		('872', 'VARIANT CONFERENCE OR MEETING NAME (SE) [OBSOLETE]', 'VARIANT CONFERENCE OR MEETING NAME (SE) [OBSOLETE]', 1, 0, NULL, 'BKS'),
		('873', 'VARIANT UNIFORM TITLE HEADING (SE) [OBSOLETE]', 'VARIANT UNIFORM TITLE HEADING (SE) [OBSOLETE]', 1, 0, NULL, 'BKS'),
		('876', 'ITEM INFORMATION--BASIC BIBLIOGRAPHIC UNIT', 'ITEM INFORMATION--BASIC BIBLIOGRAPHIC UNIT', 1, 0, NULL, 'BKS'),
		('877', 'ITEM INFORMATION--SUPPLEMENTARY MATERIAL', 'ITEM INFORMATION--SUPPLEMENTARY MATERIAL', 1, 0, NULL, 'BKS'),
		('878', 'ITEM INFORMATION--INDEXES', 'ITEM INFORMATION--INDEXES', 1, 0, NULL, 'BKS'),
		('880', 'ALTERNATE GRAPHIC REPRESENTATION', 'ALTERNATE GRAPHIC REPRESENTATION', 1, 0, NULL, 'BKS'),
		('886', 'FOREIGN MARC INFORMATION FIELD', 'FOREIGN MARC INFORMATION FIELD', 1, 0, NULL, 'BKS'),
		('887', 'NON-MARC INFORMATION FIELD', 'NON-MARC INFORMATION FIELD', 1, 0, NULL, 'BKS'),
		('896', 'LOCAL SERIES ADDED ENTRY--PERSONAL NAME (RLIN)', 'LOCAL SERIES ADDED ENTRY--PERSONAL NAME (RLIN)', 1, 0, '', 'BKS'),
		('897', 'LOCAL SERIES ADDED ENTRY--CORPORATE NAME (RLIN)', 'LOCAL SERIES ADDED ENTRY--CORPORATE NAME (RLIN)', 1, 0, '', 'BKS'),
		('898', 'LOCAL SERIES ADDED ENTRY--MEETING NAME (RLIN)', 'LOCAL SERIES ADDED ENTRY--MEETING NAME (RLIN)', 1, 0, '', 'BKS'),
		('899', 'LOCAL SERIES ADDED ENTRY--UNIFORM TITLE (RLIN)', 'LOCAL SERIES ADDED ENTRY--UNIFORM TITLE (RLIN)', 1, 0, '', 'BKS'),
		('900', 'EQUIVALENCE OR CROSS-REFERENCE-PERSONAL NAME [LOCAL, CANADA]', 'EQUIVALENCE OR CROSS-REFERENCE-PERSONAL NAME [LOCAL, CANADA]', 1, 0, '', 'BKS'),
		('901', 'LOCAL DATA ELEMENT A, LDA (RLIN)', 'LOCAL DATA ELEMENT A, LDA (RLIN)', 1, 0, '', 'BKS'),
		('902', 'LOCAL DATA ELEMENT B, LDB (RLIN)', 'LOCAL DATA ELEMENT B, LDB (RLIN)', 1, 0, '', 'BKS'),
		('903', 'LOCAL DATA ELEMENT C, LDC (RLIN)', 'LOCAL DATA ELEMENT C, LDC (RLIN)', 1, 0, '', 'BKS'),
		('904', 'LOCAL DATA ELEMENT D, LDD (RLIN)', 'LOCAL DATA ELEMENT D, LDD (RLIN)', 1, 0, '', 'BKS'),
		('905', 'LOCAL DATA ELEMENT E, LDE (RLIN)', 'LOCAL DATA ELEMENT E, LDE (RLIN)', 1, 0, '', 'BKS'),
		('906', 'LOCAL DATA ELEMENT F, LDF (RLIN)', 'LOCAL DATA ELEMENT F, LDF (RLIN)', 1, 0, '', 'BKS'),
		('907', 'LOCAL DATA ELEMENT G, LDG (RLIN)', 'LOCAL DATA ELEMENT G, LDG (RLIN)', 1, 0, '', 'BKS'),
		('908', 'PUT COMMAND PARAMETER (RLIN)', 'PUT COMMAND PARAMETER (RLIN)', 0, 0, '', 'BKS'),
		('910', 'USER-OPTION DATA (OCLC)', 'USER-OPTION DATA (OCLC)', 0, 0, '', 'BKS'),
		('911', 'EQUIVALENCE OR CROSS-REFERENCE-CONFERENCE OR MEETING NAME [LOCAL, CANADA]', 'EQUIVALENCE OR CROSS-REFERENCE-CONFERENCE OR MEETING NAME [LOCAL, CANADA]', 1, 0, '', 'BKS'),
		('930', 'EQUIVALENCE OR CROSS-REFERENCE-UNIFORM TITLE HEADING [LOCAL, CANADA]', 'EQUIVALENCE OR CROSS-REFERENCE-UNIFORM TITLE HEADING [LOCAL, CANADA]', 1, 0, '', 'BKS'),
		('936', 'OCLC/CONSER MISCELLANEOUS DATA (OCLC); PIECE USED FOR CATALOGING (pre-AACR2) (RLIN)', 'OCLC/CONSER MISCELLANEOUS DATA (OCLC); PIECE USED FOR CATALOGING (pre-AACR2) (RLIN)', 0, 0, '', 'BKS'),
		('940', 'EQUIVALENCE OR CROSS-REFERENCE--UNIFORM TITLE [OBSOLETE] [CAN/MARC only]', 'EQUIVALENCE OR CROSS-REFERENCE--UNIFORM TITLE [OBSOLETE] [CAN/MARC only]', 1, 0, '', 'BKS'),
		('941', 'EQUIVALENCE OR CROSS-REFERENCE--ROMANIZED TITLE [OBSOLETE] [CAN/MARC only]', 'EQUIVALENCE OR CROSS-REFERENCE--ROMANIZED TITLE [OBSOLETE] [CAN/MARC only]', 1, 0, '', 'BKS'),
		('943', 'EQUIVALENCE OR CROSS-REFERENCE--COLLECTIVE TITLE [OBSOLETE] [CAN/MARC only]', 'EQUIVALENCE OR CROSS-REFERENCE--COLLECTIVE TITLE [OBSOLETE] [CAN/MARC only]', 1, 0, '', 'BKS'),
		('945', 'LOCAL PROCESSING INFORMATION (OCLC)', 'LOCAL PROCESSING INFORMATION (OCLC)', 1, 0, '', 'BKS'),
		('946', 'LOCAL PROCESSING INFORMATION (OCLC)', 'LOCAL PROCESSING INFORMATION (OCLC)', 1, 0, '', 'BKS'),
		('947', 'LOCAL PROCESSING INFORMATION (OCLC)', 'LOCAL PROCESSING INFORMATION (OCLC)', 1, 0, '', 'BKS'),
		('948', 'LOCAL PROCESSING INFORMATION (OCLC); SERIES PART DESIGNATOR (RLIN)', 'LOCAL PROCESSING INFORMATION (OCLC); SERIES PART DESIGNATOR (RLIN)', 1, 0, '', 'BKS'),
		('949', 'LOCAL PROCESSING INFORMATION (OCLC)', 'LOCAL PROCESSING INFORMATION (OCLC)', 1, 0, '', 'BKS'),
		('950', 'LOCAL HOLDINGS (RLIN)', 'LOCAL HOLDINGS (RLIN)', 1, 0, '', 'BKS'),
		('951', 'EQUIVALENCE OR CROSS-REFERENCE--GEOGRAPHIC NAME/AREA NAME [OBSOLETE] [CAN/MARC only]', 'EQUIVALENCE OR CROSS-REFERENCE-GEOGRAPHIC NAME/AREA NAME [OBSOLETE] [CAN/MARC only]', 1, 0, '', 'BKS'),
		('955', 'COPY-LEVEL INFORMATION (RLIN)', 'COPY-LEVEL INFORMATION (RLIN)', 1, 0, '', 'BKS'),
		('956', 'LOCAL ELECTRONIC LOCATION AND ACCESS (OCLC)', 'LOCAL ELECTRONIC LOCATION AND ACCESS (OCLC)', 1, 0, '', 'BKS'),
		('960', 'PHYSICAL LOCATION (RLIN)', 'PHYSICAL LOCATION (RLIN)', 1, 0, '', 'BKS'),
		('967', 'ADDITIONAL ESTC CODES (RLIN)', 'ADDITIONAL ESTC CODES (RLIN)', 1, 0, '', 'BKS'),
		('980', 'EQUIVALENCE OR CROSS-REFERENCE-SERIES STATEMENT--PERSONAL NAME/TITLE [LOCAL, CANADA]', 'EQUIVALENCE OR CROSS-REFERENCE-SERIES STATEMENT--PERSONAL NAME/TITLE [LOCAL, CANADA]', 1, 0, '', 'BKS'),
		('981', 'EQUIVALENCE OR CROSS-REFERENCE-SERIES STATEMENT--CORPORATE NAME/TITLE [LOCAL, CANADA]', 'EQUIVALENCE OR CROSS-REFERENCE-SERIES STATEMENT--CORPORATE NAME/TITLE [LOCAL, CANADA]', 1, 0, '', 'BKS'),
		('982', 'EQUIVALENCE OR CROSS-REFERENCE-SERIES STATEMENT--CONFERENCE OR MEETING NAME/TITLE [LOCAL, CANADA]', 'EQUIVALENCE OR CROSS-REFERENCE-SERIES STATEMENT--CONFERENCE OR MEETING NAME/TITLE [LOCAL, CANADA]', 1, 0, '', 'BKS'),
		('983', 'EQUIVALENCE OR CROSS-REFERENCE-SERIES STATEMENT--TITLE/UNIFORM TITLE [LOCAL, CANADA]', 'EQUIVALENCE OR CROSS-REFERENCE--SERIES STATEMENT-TITLE/UNIFORM TITLE [LOCAL, CANADA]', 1, 0, '', 'BKS'),
		('984', 'WLN AUTOMATIC HOLDINGS STATEMENT (OCLC)', 'WLN AUTOMATIC HOLDINGS STATEMENT (OCLC)', 1, 0, '', 'BKS'),
		('987', 'LOCAL ROMANIZATION/CONVERSION HISTORY (OCLC)', 'LOCAL ROMANIZATION/CONVERSION HISTORY (OCLC)', 1, 0, '', 'BKS'),
		('990', 'EQUIVALENCES OR CROSS-REFERENCES [LOCAL, CANADA]', 'EQUIVALENCES OR CROSS-REFERENCES [LOCAL, CANADA]', 1, 0, '', 'BKS'),
		('995', 'RECOMMENDATION 995 [LOCAL, UNIMARC FRANCE]', 'RECOMMENDATION 995 [LOCAL, UNIMARC FRANCE]', 1, 0, '', 'BKS'),
		('998', 'LOCAL CONTROL INFORMATION (RLIN)', 'LOCAL CONTROL INFORMATION (RLIN)', 1, 0, '', 'BKS');






-- *******************************************************



-- ****************************************************************************
-- SIMPLE COMPUTER FILES KOHA RECORD AND HOLDINGS MANAGEMENT FIELDS/SUBFIELDS.
-- ****************************************************************************



-- Current Record ID Field/Subfields


INSERT INTO `marc_tag_structure` (`tagfield`, `liblibrarian`, `libopac`, `repeatable`, `mandatory`, `authorised_value`, `frameworkcode`) VALUES
		('999', 'SYSTEM CONTROL NUMBERS (KOHA)', 'SYSTEM CONTROL NUMBERS (KOHA)', 1, 0, '', 'CF');

INSERT INTO `marc_subfield_structure` (`tagfield`, `tagsubfield`, `liblibrarian`, `libopac`, `repeatable`, `mandatory`, `kohafield`, `tab`, `authorised_value`, `authtypecode`, `value_builder`, `isurl`, `hidden`, `frameworkcode`, `seealso`, `link`, `defaultvalue`) VALUES
		('999', 'a', 'Item type [OBSOLETE]', 'Item type [OBSOLETE]', 0, 0, NULL, -1, NULL, NULL, '', NULL, -5, 'CF', '', '', NULL),
		('999', 'b', 'Koha Dewey Subclass [OBSOLETE]', 'Koha Dewey Subclass [OBSOLETE]', 0, 0, NULL, 0, NULL, NULL, '', NULL, -5, 'CF', '', '', NULL),
		('999', 'c', 'Koha biblionumber', 'Koha biblionumber', 0, 0, 'biblio.biblionumber', -1, NULL, NULL, '', NULL, -5, 'CF', '', '', NULL),
		('999', 'd', 'Koha biblioitemnumber', 'Koha biblioitemnumber', 0, 0, 'biblioitems.biblioitemnumber', -1, NULL, NULL, '', NULL, -5, 'CF', '', '', NULL);


-- ******************************************************


-- Plugins which need to be written for primary biblioitems Field/Subfields.


-- 		('942', '2', 'Source of classification or shelving scheme', 'Source of classification or shelving scheme', 0, 0, 'biblioitems.cn_source', 9, '', '', 'marc21_classcodes.pl', NULL, 0, 'CF', '', '', NULL),
-- 		('942', 'h', 'Classification part', 'Classification part', 0, 0, 'biblioitems.cn_class', 9, '', '', 'marc21_callnumber.pl', NULL, 0, 'CF', '', '', NULL),



-- Current primary biblioitems Field/Subfields


INSERT INTO `marc_tag_structure` (`tagfield`, `liblibrarian`, `libopac`, `repeatable`, `mandatory`, `authorised_value`, `frameworkcode`) VALUES
		('942', 'ADDED ENTRY ELEMENTS (KOHA)', 'ADDED ENTRY ELEMENTS (KOHA)', 0, 0, '', 'CF');

INSERT INTO `marc_subfield_structure` (`tagfield`, `tagsubfield`, `liblibrarian`, `libopac`, `repeatable`, `mandatory`, `kohafield`, `tab`, `authorised_value`, `authtypecode`, `value_builder`, `isurl`, `hidden`, `frameworkcode`, `seealso`, `link`, `defaultvalue`) VALUES
		('942', '0', 'Koha issues (borrowed), all copies', 'Koha issues (borrowed), all copies', 0, 0, 'biblioitems.totalissues', 9, '', '', '', NULL, -5, 'CF', '', '', NULL),
		('942', '2', 'Source of classification or shelving scheme', 'Source of classification or shelving scheme', 0, 0, 'biblioitems.cn_source', 9, 'cn_source', '', '', NULL, 0, 'CF', '', '', NULL),
		('942', '6', 'Koha normalized classification for sorting', 'Koha normalized classification for sorting', 0, 0, 'biblioitems.cn_sort', -1, '', '', '', 0, 7, 'CF', '', '', NULL),
		('942', 'a', 'Institution code [OBSOLETE]', 'Institution code [OBSOLETE]', 0, 0, '', 9, '', '', '', NULL, -5, 'CF', '', '', NULL),
		('942', 'c', 'Item type', 'Item type', 0, 1, 'biblioitems.itemtype', 9, 'itemtypes', '', '', NULL, 0, 'CF', '', '', NULL),
		('942', 'e', 'Edition', 'Edition', 0, 0, 'biblioitems.cn_edition', 9, 'CN_EDITION', '', '', NULL, 0, 'CF', '', '', NULL),
		('942', 'h', 'Classification part', 'Classification part', 0, 0, 'biblioitems.cn_class', 9, '', '', '', NULL, 0, 'CF', '', '', NULL),
		('942', 'i', 'Item part', 'Item part', 1, 0, 'biblioitems.cn_item', 9, '', '', '', NULL, 9, 'CF', '', '', NULL),
		('942', 'k', 'Call number prefix', 'Call number prefix', 0, 0, 'biblioitems.cn_prefix', 9, '', '', '', NULL, 0, 'CF', '', '', NULL),
		('942', 'm', 'Call number suffix', 'Call number suffix', 0, 0, 'biblioitems.cn_suffix', 9, '', '', '', 0, 0, 'CF', '', '', NULL),
		('942', 'n', 'Suppress in OPAC', 'Suppress in OPAC', 0, 0, NULL, 9, '', '', '', 0, 0, 'CF', '', '', NULL),
		('942', 's', 'Serial record flag', 'Serial record', 0, 0, 'biblio.serial', 9, '', '', '', 0, -5, 'CF', '', '', NULL);


-- ******************************************************


-- Plugins which need to be written for items Field/Subfields


-- 		('952', '2', 'Source of classification or shelving scheme', 'Source of classification or shelving scheme', 0, 0, 'items.cn_source', 10, '', '', 'marc21_classcodes.pl', NULL, 0, 'CF', '', '', NULL),
-- 		('952', 'o', 'Full call number', 'Full call number', 0, 0, 'items.itemcallnumber', 10, '', 'marc21_itemcallnumber.pl', NULL, 0, 0, 'CF', '', '', NULL),



-- Current items Field/Subfields


INSERT INTO `marc_tag_structure` (`tagfield`, `liblibrarian`, `libopac`, `repeatable`, `mandatory`, `authorised_value`, `frameworkcode`) VALUES
		('952', 'LOCATION AND ITEM INFORMATION (KOHA)', 'LOCATION AND ITEM INFORMATION (KOHA)', 1, 0, '', 'CF');

INSERT INTO `marc_subfield_structure` (`tagfield`, `tagsubfield`, `liblibrarian`, `libopac`, `repeatable`, `mandatory`, `kohafield`, `tab`, `authorised_value`, `authtypecode`, `value_builder`, `isurl`, `hidden`, `frameworkcode`, `seealso`, `link`, `defaultvalue`) VALUES
		('952', '0', 'Withdrawn status', 'Withdrawn status', 0, 0, 'items.wthdrawn', 10, 'WITHDRAWN', '', '', 0, 0, 'CF', '', '', NULL),
		('952', '1', 'Lost status', 'Lost status', 0, 0, 'items.itemlost', 10, 'LOST', '', '', 0, 0, 'CF', '', '', NULL),
		('952', '2', 'Source of classification or shelving scheme', 'Source of classification or shelving scheme', 0, 0, 'items.cn_source', 10, 'cn_source', '', '', NULL, 0, 'CF', '', '', NULL),
		('952', '3', 'Materials specified (bound volume or other part)', 'Materials specified (bound volume or other part)', 0, 0, 'items.materials', 10, '', '', '', NULL, -1, 'CF', '', '', NULL),
		('952', '4', 'Damaged status', 'Damaged status', 0, 0, 'items.damaged', 10, 'DAMAGED', '', '', NULL, 0, 'CF', '', '', NULL),
		('952', '5', 'Use restrictions', 'Use restrictions', 0, 0, 'items.restricted', 10, 'RESTRICTED', '', '', 0, 0, 'CF', '', '', NULL),
		('952', '6', 'Koha normalized classification for sorting', 'Koha normalized classification for sorting', 0, 0, 'items.cn_sort', -1, '', '', '', 0, 7, 'CF', '', '', NULL),
		('952', '7', 'Not for loan', 'Not for loan', 0, 0, 'items.notforloan', 10, 'NOT_LOAN', '', '', 0, 0, 'CF', '', '', NULL),
		('952', '8', 'Collection code', 'Collection code', 0, 0, 'items.ccode', 10, 'CCODE', '', '', 0, 0, 'CF', '', '', NULL),
		('952', '9', 'Koha itemnumber (autogenerated)', 'Koha itemnumber', 0, 0, 'items.itemnumber', -1, '', '', '', 0, 7, 'CF', '', '', NULL),
		('952', 'a', 'Permanent location', 'Permanent location', 0, 0, 'items.homebranch', 10, 'branches', '', '', 0, 0, 'CF', '', '', NULL),
		('952', 'b', 'Current location', 'Current location', 0, 0, 'items.holdingbranch', 10, 'branches', '', '', 0, 0, 'CF', '', '', NULL),
		('952', 'c', 'Shelving location', 'Shelving location', 0, 0, 'items.location', 10, 'LOC', '', '', 0, 0, 'CF', '', '', NULL),
		('952', 'd', 'Date acquired', 'Date acquired', 0, 0, 'items.dateaccessioned', 10, '', '', 'dateaccessioned.pl', 0, 0, 'CF', '', '', NULL),
		('952', 'e', 'Source of acquisition', 'Source of acquisition', 0, 0, 'items.booksellerid', 10, '', '', '', 0, 0, 'CF', '', '', NULL),
		('952', 'f', 'Coded location qualifier', 'Coded location qualifier', 0, 0, 'items.coded_location_qualifier', 10, '', '', '', NULL, 0, 'CF', '', '', NULL),
		('952', 'g', 'Cost, normal purchase price', 'Cost, normal purchase price', 0, 0, 'items.price', 10, '', '', '', 0, 0, 'CF', '', '', NULL),
		('952', 'h', 'Serial Enumeration / chronology','Serial Enumeration / chronology', 0, 0, 'items.enumchron', 10, '', '', '', 0, 0, 'CF', '', '', NULL),
        ('952', 'i', 'Inventory number','Inventory number', 0, 0, 'items.stocknumber', 10, '', '', '', 0, 0, 'CF', '', '', NULL),
		('952', 'j', 'Shelving control number', 'Shelving control number', 0, 0, 'items.stack', 10, 'STACK', '', '', NULL, -1, 'CF', '', '', NULL),
		('952', 'l', 'Total Checkouts', 'Total Checkouts', 0, 0, 'items.issues', 10, '', '', '', NULL, -5, 'CF', '', '', NULL),
		('952', 'm', 'Total Renewals', 'Total Renewals', 0, 0, 'items.renewals', 10, '', '', '', NULL, -5, 'CF', '', '', NULL),
		('952', 'n', 'Total Holds', 'Total Holds', 0, 0, 'items.reserves', 10, '', '', '', NULL, -5, 'CF', '', '', NULL),
		('952', 'o', 'Full call number', 'Full call number', 0, 0, 'items.itemcallnumber', 10, '', '', NULL, 0, 0, 'CF', '', '', NULL),
		('952', 'p', 'Barcode', 'Barcode', 0, 0, 'items.barcode', 10, '', '', 'barcode.pl', 0, 0, 'CF', '', '', NULL),
		('952', 'q', 'Checked out', 'Checked out', 0, 0, 'items.onloan', 10, '', '', '', NULL, -5, 'CF', '', '', NULL),
		('952', 'r', 'Date last seen', 'Date last seen', 0, 0, 'items.datelastseen', 10, '', '', '', NULL, -5, 'CF', '', '', NULL),
		('952', 's', 'Date last borrowed', 'Date last borrowed', 0, 0, 'items.datelastborrowed', 10, '', '', '', NULL, -5, 'CF', '', '', NULL),
		('952', 't', 'Copy number', 'Copy number', 0, 0, 'items.copynumber', 10, '', '', '', NULL, 0, 'CF', '', '', NULL),
		('952', 'u', 'Uniform Resource Identifier', 'Uniform Resource Identifier', 0, 0, 'items.uri', 10, '', '', '', 1, 0, 'CF', '', '', NULL),
		('952', 'v', 'Cost, replacement price', 'Cost, replacement price', 0, 0, 'items.replacementprice', 10, '', '', '', 0, 0, 'CF', '', '', NULL),
		('952', 'w', 'Price effective from', 'Price effective from', 0, 0, 'items.replacementpricedate', 10, '', '', '', 0, 0, 'CF', '', '', NULL),
		('952', 'x', 'Non-public note', 'Non-public note', 0, 0, '', 10, '', '', '', NULL, 1, 'CF', '', '', NULL),
		('952', 'y', 'Koha item type', 'Koha item type', 0, 0, 'items.itype', 10, 'itemtypes', '', '', NULL, 0, 'CF', '', '', NULL),
		('952', 'z', 'Public note', 'Public note', 0, 0, 'items.itemnotes', 10, '', '', '', NULL, 0, 'CF', '', '', NULL);



-- *******************************************************



-- ******************************************************************
-- SIMPLE COMPUTER FILES MARC 21 FIELDS/SUBFIELDS AND COMMMONLY USED
-- EXTENSIONS.
-- ******************************************************************



INSERT INTO `marc_tag_structure` (`tagfield`, `liblibrarian`, `libopac`, `repeatable`, `mandatory`, `authorised_value`, `frameworkcode`) VALUES
		('000', 'LEADER', 'LEADER', 0, 1, '', 'CF'),
		('001', 'CONTROL NUMBER', 'CONTROL NUMBER', 0, 0, '', 'CF'),
		('003', 'CONTROL NUMBER IDENTIFIER', 'CONTROL NUMBER IDENTIFIER', 0, 0, '', 'CF'),
		('005', 'DATE AND TIME OF LATEST TRANSACTION', 'DATE AND TIME OF LATEST TRANSACTION', 0, 0, '', 'CF'),
		('006', 'FIXED-LENGTH DATA ELEMENTS--ADDITIONAL MATERIAL CHARACTERISTICS--GENERAL INFORMATION', 'FIXED-LENGTH DATA ELEMENTS--ADDITIONAL MATERIAL CHARACTERISTICS--GENERAL INFORMATION', 1, 0, '', 'CF'),
		('007', 'PHYSICAL DESCRIPTION FIXED FIELD--GENERAL INFORMATION', 'PHYSICAL DESCRIPTION FIXED FIELD--GENERAL INFORMATION', 1, 0, '', 'CF'),
		('008', 'FIXED-LENGTH DATA ELEMENTS--GENERAL INFORMATION', 'FIXED-LENGTH DATA ELEMENTS--GENERAL INFORMATION', 0, 1, '', 'CF'),
		('009', 'PHYSICAL DESCRIPTION FIXED-FIELD FOR ARCHIVAL COLLECTION (VM) [OBSOLETE]', 'PHYSICAL DESCRIPTION FIXED-FIELD FOR ARCHIVAL COLLECTION (VM) [OBSOLETE]', 1, 0, '', 'CF'),
		('010', 'LIBRARY OF CONGRESS CONTROL NUMBER', 'LIBRARY OF CONGRESS CONTROL NUMBER', 0, 0, '', 'CF'),
		('011', 'LINKING LIBRARY OF CONGRESS CONTROL NUMBER [OBSOLETE]', 'LINKING LIBRARY OF CONGRESS CONTROL NUMBER [OBSOLETE]', 0, 0, '', 'CF'),
		('013', 'PATENT CONTROL INFORMATION', 'PATENT CONTROL INFORMATION', 1, 0, '', 'CF'),
		('015', 'NATIONAL BIBLIOGRAPHY NUMBER', 'NATIONAL BIBLIOGRAPHY NUMBER', 1, 0, '', 'CF'),
		('016', 'NATIONAL BIBLIOGRAPHIC AGENCY CONTROL NUMBER', 'NATIONAL BIBLIOGRAPHIC AGENCY CONTROL NUMBER', 1, 0, '', 'CF'),
		('017', 'COPYRIGHT OR LEGAL DEPOSIT NUMBER', 'COPYRIGHT OR LEGAL DEPOSIT NUMBER', 1, 0, '', 'CF'),
		('018', 'COPYRIGHT ARTICLE-FEE CODE', 'COPYRIGHT ARTICLE-FEE CODE', 0, 0, '', 'CF'),
		('020', 'ISBN', 'INTERNATIONAL STANDARD BOOK NUMBER', 1, 0, NULL, 'CF'),
		('022', 'ISSN', 'INTERNATIONAL STANDARD SERIAL NUMBER', 1, 0, NULL, 'CF'),
		('023', 'STANDARD FILM NUMBER (VM) [DELETED]', 'STANDARD FILM NUMBER (VM) [DELETED]', 1, 0, NULL, 'CF'),
		('024', 'OTHER STANDARD IDENTIFIER', 'OTHER STANDARD IDENTIFIER', 1, 0, NULL, 'CF'),
		('025', 'OVERSEAS ACQUISITION NUMBER', 'OVERSEAS ACQUISITION NUMBER', 1, 0, '', 'CF'),
		('026', 'FINGERPRINT IDENTIFIER', 'FINGERPRINT IDENTIFIER', 1, 0, '', 'CF'),
		('027', 'STANDARD TECHNICAL REPORT NUMBER', 'STANDARD TECHNICAL REPORT NUMBER', 1, 0, '', 'CF'),
		('028', 'IDENTIFICATION NUMBER--PUBLISHER NUMBER', 'PUBLISHER NUMBER', 1, 0, NULL, 'CF'),
		('029', 'OTHER SYSTEM CONTROL NUMBER (OCLC)', ' (OCLC)', 1, 0, '', 'CF'),
		('030', 'CODEN DESIGNATION', 'CODEN DESIGNATION', 1, 0, '', 'CF'),
		('031', 'MUSICAL INCIPITS INFORMATION', 'MUSICAL INCIPITS INFORMATION', 1, 0, '', 'CF'),
		('032', 'POSTAL REGISTRATION NUMBER', 'POSTAL REGISTRATION NUMBER', 1, 0, '', 'CF'),
		('033', 'DATE/TIME AND PLACE OF AN EVENT', 'DATE/TIME AND PLACE OF AN EVENT', 1, 0, '', 'CF'),
		('034', 'CODED CARTOGRAPHIC MATHEMATICAL DATA', 'CODED CARTOGRAPHIC MATHEMATICAL DATA', 1, 0, '', 'CF'),
		('035', 'SYSTEM CONTROL NUMBER', 'SYSTEM CONTROL NUMBER', 1, 0, NULL, 'CF'),
		('036', 'ORIGINAL STUDY NUMBER FOR COMPUTER DATA FILES', 'ORIGINAL STUDY NUMBER FOR COMPUTER DATA FILES', 0, 0, '', 'CF'),
		('037', 'PUBLICATION, DISTRIBUTION DETAILS--SOURCE OF ACQUISITION', 'SOURCE OF ACQUISITION', 1, 0, NULL, 'CF'),
		('038', 'RECORD CONTENT LICENSOR', 'RECORD CONTENT LICENSOR', 0, 0, '', 'CF'),
		('039', 'LEVEL OF BIBLIOGRAPHIC CONTROL AND CODING DETAIL [OBSOLETE]', 'LEVEL OF BIBLIOGRAPHIC CONTROL AND CODING DETAIL [OBSOLETE]', 0, 0, '', 'CF'),
		('040', 'CATALOGING SOURCE', 'CATALOGING SOURCE', 0, 0, NULL, 'CF'),
		('041', 'LANGUAGE CODE', 'LANGUAGE CODE', 1, 0, '', 'CF'),
		('042', 'AUTHENTICATION CODE', 'AUTHENTICATION CODE', 0, 0, '', 'CF'),
		('043', 'GEOGRAPHIC AREA CODE', 'GEOGRAPHIC AREA CODE', 0, 0, NULL, 'CF'),
		('044', 'COUNTRY OF PUBLISHING/PRODUCING ENTITY CODE', 'COUNTRY OF PUBLISHING/PRODUCING ENTITY CODE', 0, 0, '', 'CF'),
		('045', 'TIME PERIOD OF CONTENT', 'TIME PERIOD OF CONTENT', 0, 0, '', 'CF'),
		('046', 'SPECIAL CODED DATES', 'SPECIAL CODED DATES', 1, 0, '', 'CF'),
		('047', 'FORM OF MUSICAL COMPOSITION CODE', 'FORM OF MUSICAL COMPOSITION CODE', 1, 0, '', 'CF'),
		('048', 'NUMBER OF MUSICAL INSTRUMENTS OR VOICES CODE', 'NUMBER OF MUSICAL INSTRUMENTS OR VOICES CODE', 1, 0, '', 'CF'),
		('049', 'LOCAL HOLDINGS (OCLC)', 'LOCAL HOLDINGS (OCLC)', 0, 0, '', 'CF'),
		('050', 'LIBRARY OF CONGRESS CALL NUMBER', 'LIBRARY OF CONGRESS CALL NUMBER', 1, 0, NULL, 'CF'),
		('051', 'LIBRARY OF CONGRESS COPY, ISSUE, OFFPRINT STATEMENT', 'LIBRARY OF CONGRESS COPY, ISSUE, OFFPRINT STATEMENT', 1, 0, NULL, 'CF'),
		('052', 'GEOGRAPHIC CLASSIFICATION', 'GEOGRAPHIC CLASSIFICATION', 1, 0, NULL, 'CF'),
		('055', 'CLASSIFICATION NUMBERS ASSIGNED IN CANADA', 'CLASSIFICATION NUMBERS ASSIGNED IN CANADA', 1, 0, NULL, 'CF'),
		('060', 'NATIONAL LIBRARY OF MEDICINE CALL NUMBER', 'NATIONAL LIBRARY OF MEDICINE CALL NUMBER', 1, 0, NULL, 'CF'),
		('061', 'NATIONAL LIBRARY OF MEDICINE COPY STATEMENT', 'NATIONAL LIBRARY OF MEDICINE COPY STATEMENT', 1, 0, NULL, 'CF'),
		('066', 'CHARACTER SETS PRESENT', 'CHARACTER SETS PRESENT', 0, 0, NULL, 'CF'),
		('070', 'NATIONAL AGRICULTURAL LIBRARY CALL NUMBER', 'NATIONAL AGRICULTURAL LIBRARY CALL NUMBER', 1, 0, NULL, 'CF'),
		('071', 'NATIONAL AGRICULTURAL LIBRARY COPY STATEMENT', 'NATIONAL AGRICULTURAL LIBRARY COPY STATEMENT', 1, 0, NULL, 'CF'),
		('072', 'SUBJECT CATEGORY CODE', 'SUBJECT CATEGORY CODE', 1, 0, NULL, 'CF'),
		('074', 'GPO ITEM NUMBER', 'GPO ITEM NUMBER', 1, 0, NULL, 'CF'),
		('080', 'UNIVERSAL DECIMAL CLASSIFICATION NUMBER', 'UNIVERSAL DECIMAL CLASSIFICATION NUMBER', 1, 0, NULL, 'CF'),
		('082', 'DEWEY DECIMAL CLASSIFICATION NUMBER', 'DEWEY DECIMAL CLASSIFICATION NUMBER', 1, 0, NULL, 'CF'),
		('084', 'OTHER CLASSIFICATION NUMBER', 'OTHER CLASSIFICATION NUMBER', 1, 0, NULL, 'CF'),
		('086', 'GOVERNMENT DOCUMENT CLASSIFICATION NUMBER', 'GOVERNMENT DOCUMENT CLASSIFICATION NUMBER', 1, 0, NULL, 'CF'),
		('087', 'REPORT NUMBER [OBSOLETE, CAN/MARC]', 'REPORT NUMBER [OBSOLETE, CAN/MARC]', 1, 0, NULL, 'CF'),
		('088', 'REPORT NUMBER', 'REPORT NUMBER', 1, 0, NULL, 'CF'),
		('090', 'LOCALLY ASSIGNED LC-TYPE CALL NUMBER (OCLC); LOCAL CALL NUMBER (RLIN)', 'LOCALLY ASSIGNED LC-TYPE CALL NUMBER (OCLC); LOCAL CALL NUMBER (OCLC)', 1, 0, '', 'CF'),
		('091', 'MICROFILM SHELF LOCATION (AM) [OBSOLETE]', 'MICROFILM SHELF LOCATION (AM) [OBSOLETE]', 0, 0, '', 'CF'),
		('092', 'LOCALLY ASSIGNED DEWEY CALL NUMBER (OCLC)', 'LOCALLY ASSIGNED DEWEY CALL NUMBER (OCLC)', 1, 0, '', 'CF'),
		('096', 'LOCALLY ASSIGNED NLM-TYPE CALL NUMBER (OCLC)', 'LOCALLY ASSIGNED NLM-TYPE CALL NUMBER (OCLC)', 1, 0, '', 'CF'),
		('098', 'OTHER CLASSIFICATION SCHEMES (OCLC)', 'OTHER CLASSIFICATION SCHEMES (OCLC)', 1, 0, '', 'CF'),
		('099', 'LOCAL FREE-TEXT CALL NUMBER (OCLC)', 'LOCAL FREE-TEXT CALL NUMBER (OCLC)', 1, 0, '', 'CF'),
		('100', 'MAIN ENTRY--AUTHOR--PERSONAL NAME', 'MAIN ENTRY--PERSONAL NAME', 0, 0, NULL, 'CF'),
		('110', 'MAIN ENTRY--AUTHOR--CORPORATE NAME', 'MAIN ENTRY--CORPORATE NAME', 0, 0, NULL, 'CF'),
		('111', 'MAIN ENTRY--MEETING NAME', 'MAIN ENTRY--MEETING NAME', 0, 0, NULL, 'CF'),
		('130', 'MAIN ENTRY--UNIFORM TITLE', 'MAIN ENTRY--UNIFORM TITLE', 0, 0, NULL, 'CF'),
		('210', 'ABBREVIATED TITLE', 'ABBREVIATED TITLE', 1, 0, NULL, 'CF'),
		('211', 'ACRONYM OR SHORTENED TITLE [OBSOLETE]', 'ACRONYM OR SHORTENED TITLE [OBSOLETE]', 1, 0, NULL, 'CF'),
		('212', 'VARIANT ACCESS TITLE [OBSOLETE]', 'VARIANT ACCESS TITLE [OBSOLETE]', 1, 0, NULL, 'CF'),
		('214', 'AUGMENTED TITLE [OBSOLETE]', 'AUGMENTED TITLE [OBSOLETE]', 1, 0, NULL, 'CF'),
		('222', 'KEY TITLE', 'KEY TITLE', 1, 0, NULL, 'CF'),
		('240', 'UNIFORM TITLE', 'UNIFORM TITLE', 0, 0, 'Unititle', 'CF'),
		('241', 'ROMANIZED TITLE (BK AM CF MP MU VM) [OBSOLETE]', 'ROMANIZED TITLE (BK AM CF MP MU VM) [OBSOLETE]', 0, 0, '', 'CF'),
		('242', 'TRANSLATION OF TITLE BY CATALOGING AGENCY', 'TRANSLATION OF TITLE BY CATALOGING AGENCY', 1, 0, NULL, 'CF'),
		('243', 'COLLECTIVE UNIFORM TITLE', 'COLLECTIVE UNIFORM TITLE', 0, 0, '', 'CF'),
		('245', 'TITLE', 'TITLE STATEMENT', 0, 1, '', 'CF'),
		('246', 'VARYING FORM OF TITLE', 'VARYING FORM OF TITLE', 1, 0, NULL, 'CF'),
		('247', 'FORMER TITLE', 'FORMER TITLE', 1, 0, NULL, 'CF'),
		('250', 'EDITION STATEMENT', 'EDITION STATEMENT', 0, 0, NULL, 'CF'),
		('254', 'MUSICAL PRESENTATION STATEMENT', 'MUSICAL PRESENTATION STATEMENT', 0, 0, NULL, 'CF'),
		('255', 'CARTOGRAPHIC MATHEMATICAL DATA', 'CARTOGRAPHIC MATHEMATICAL DATA', 1, 0, NULL, 'CF'),
		('256', 'COMPUTER FILE CHARACTERISTICS', 'COMPUTER FILE CHARACTERISTICS', 0, 0, NULL, 'CF'),
		('257', 'COUNTRY OF PRODUCING ENTITY FOR ARCHIVAL FILMS', 'COUNTRY OF PRODUCING ENTITY FOR ARCHIVAL FILMS', 0, 0, NULL, 'CF'),
		('258', 'PHILATELIC ISSUE DATE', 'PHILATELIC ISSUE DATE', 1, 0, NULL, 'CF'),
		('260', 'PUBLISHER--PUBLICATION, DISTRIBUTION, ETC. (IMPRINT)', 'PUBLICATION, DISTRIBUTION, ETC. (IMPRINT)', 1, 0, NULL, 'CF'),
		('261', 'IMPRINT STATEMENT FOR FILMS (Pre-AACR 1 Revised) [OBSOLETE, CAN/MARC], [LOCAL, USA]', 'IMPRINT STATEMENT FOR FILMS (Pre-AACR 1 Revised) [OBSOLETE, CAN/MARC], [LOCAL, USA]', 0, 0, NULL, 'CF'),
		('262', 'IMPRINT STATEMENT FOR SOUND RECORDINGS (Pre-AACR 2) [LOCAL, USA]', 'IMPRINT STATEMENT FOR SOUND RECORDINGS (Pre-AACR 2) [LOCAL, USA]', 0, 0, NULL, 'CF'),
		('263', 'PROJECTED PUBLICATION DATE', 'PROJECTED PUBLICATION DATE', 0, 0, NULL, 'CF'),
		('265', 'SOURCE FOR ACQUISITION/SUBSCRIPTION ADDRESS [OBSOLETE]', 'SOURCE FOR ACQUISITION/SUBSCRIPTION ADDRESS [OBSOLETE]', 0, 0, NULL, 'CF'),
		('270', 'PUBLICATION, DISTRIBUTION DETAILS--ADDRESS', 'ADDRESS', 1, 0, NULL, 'CF'),
		('300', 'PHYSICAL DESCRIPTION', 'PHYSICAL DESCRIPTION', 1, 1, NULL, 'CF'),
		('301', 'PHYSICAL DESCRIPTION FOR FILMS (PRE-AACR 2) (VM) [OBSOLETE, USMARC]', 'PHYSICAL DESCRIPTION FOR FILMS (PRE-AACR 2) (VM) [OBSOLETE, USMARC]', 0, 0, NULL, 'CF'),
		('302', 'PAGE OR ITEM COUNT (BK AM) [OBSOLETE]', 'PAGE OR ITEM COUNT (BK AM) [OBSOLETE]', 0, 0, NULL, 'CF'),
		('303', 'UNIT COUNT (AM) [OBSOLETE, USMARC]', 'UNIT COUNT (AM) [OBSOLETE, USMARC]', 0, 0, NULL, 'CF'),
		('304', 'LINEAR FOOTAGE (AM) [OBSOLETE, USMARC]', 'LINEAR FOOTAGE (AM) [OBSOLETE, USMARC]', 0, 0, NULL, 'CF'),
		('305', 'PHYSICAL DESCRIPTION FOR SOUND RECORDINGS (Pre-AACR 2) (MU) [OBSOLETE]', 'PHYSICAL DESCRIPTION FOR SOUND RECORDINGS (Pre-AACR 2) (MU) [OBSOLETE]', 0, 0, NULL, 'CF'),
		('306', 'RUN TIME', 'PLAYING TIME', 0, 0, NULL, 'CF'),
		('307', 'HOURS, ETC.', 'HOURS, ETC.', 1, 0, NULL, 'CF'),
		('308', 'PHYSICAL DESCRIPTION FOR FILMS (ARCHIVAL) (VM) [OBSOLETE]', 'PHYSICAL DESCRIPTION FOR FILMS (ARCHIVAL) (VM) [OBSOLETE]', 1, 0, NULL, 'CF'),
		('310', 'CURRENT PUBLICATION FREQUENCY', 'CURRENT PUBLICATION FREQUENCY', 0, 0, NULL, 'CF'),
		('315', 'FREQUENCY (CF MP) [OBSOLETE]', 'FREQUENCY (CF MP) [OBSOLETE]', 0, 0, NULL, 'CF'),
		('321', 'FORMER PUBLICATION FREQUENCY', 'FORMER PUBLICATION FREQUENCY', 1, 0, NULL, 'CF'),
		('340', 'PHYSICAL MEDIUM', 'PHYSICAL MEDIUM', 1, 0, NULL, 'CF'),
		('342', 'GEOSPATIAL REFERENCE DATA', 'GEOSPATIAL REFERENCE DATA', 1, 0, NULL, 'CF'),
		('343', 'PLANAR COORDINATE DATA', 'PLANAR COORDINATE DATA', 1, 0, NULL, 'CF'),
		('350', 'PRICE (NR) (BK AM CF MU VM SE) [OBSOLETE]', 'PRICE (NR) (BK AM CF MU VM SE) [OBSOLETE]', 1, 0, NULL, 'CF'),
		('351', 'ORGANIZATION AND ARRANGEMENT OF MATERIALS', 'ORGANIZATION AND ARRANGEMENT OF MATERIALS', 1, 0, NULL, 'CF'),
		('352', 'DIGITAL GRAPHIC REPRESENTATION', 'DIGITAL GRAPHIC REPRESENTATION', 1, 0, NULL, 'CF'),
		('355', 'SECURITY CLASSIFICATION CONTROL', 'SECURITY CLASSIFICATION CONTROL', 1, 0, NULL, 'CF'),
		('357', 'ORIGINATOR DISSEMINATION CONTROL', 'ORIGINATOR DISSEMINATION CONTROL', 0, 0, NULL, 'CF'),
		('359', 'RENTAL PRICE (VM) [OBSOLETE]', 'RENTAL PRICE (VM) [OBSOLETE]', 0, 0, NULL, 'CF'),
		('362', 'DATES OF PUBLICATION AND/OR SEQUENTIAL DESIGNATION', 'DATES OF PUBLICATION AND/OR SEQUENTIAL DESIGNATION', 1, 0, NULL, 'CF'),
		('365', 'PUBLICATION, DISTRIBUTION DETAILS--TRADE PRICE', 'TRADE PRICE', 1, 0, NULL, 'CF'),
		('366', 'PUBLICATION, DISTRIBUTION DETAILS--TRADE AVAILABILITY INFORMATION', 'TRADE AVAILABILITY INFORMATION', 1, 0, NULL, 'CF'),
		('400', 'SERIES STATEMENT/ADDED ENTRY--PERSONAL NAME [OBSOLETE, CAN/MARC], [LOCAL, USA]', 'SERIES STATEMENT/ADDED ENTRY--PERSONAL NAME [OBSOLETE, CAN/MARC], [LOCAL, USA]', 1, 0, NULL, 'CF'),
		('410', 'SERIES STATEMENT/ADDED ENTRY--CORPORATE NAME [OBSOLETE, CAN/MARC], [LOCAL, USA]', 'SERIES STATEMENT/ADDED ENTRY--CORPORATE NAME [OBSOLETE, CAN/MARC], [LOCAL, USA]', 1, 0, NULL, 'CF'),
		('411', 'SERIES STATEMENT/ADDED ENTRY--MEETING NAME [OBSOLETE, CAN/MARC], [LOCAL, USA]', 'SERIES STATEMENT/ADDED ENTRY--MEETING NAME [OBSOLETE, CAN/MARC], [LOCAL, USA]', 1, 0, NULL, 'CF'),
		('440', 'SERIES--TITLE', 'SERIES STATEMENT/ADDED ENTRY--TITLE', 1, 0, NULL, 'CF'),
		('490', 'SERIES STATEMENT', 'SERIES STATEMENT', 1, 0, '', 'CF'),
		('500', 'GENERAL NOTE', 'GENERAL NOTE', 1, 0, NULL, 'CF'),
		('501', 'WITH NOTE', 'WITH NOTE', 1, 0, NULL, 'CF'),
		('502', 'DISSERTATION NOTE', 'DISSERTATION NOTE', 1, 0, NULL, 'CF'),
		('503', 'BIBLIOGRAPHIC HISTORY NOTE (BK CF MU) [OBSOLETE]', 'BIBLIOGRAPHIC HISTORY NOTE (BK CF MU) [OBSOLETE]', 1, 0, NULL, 'CF'),
		('504', 'BIBLIOGRAPHY, ETC. NOTE', 'BIBLIOGRAPHY, ETC. NOTE', 1, 0, NULL, 'CF'),
		('505', 'FORMATTED CONTENTS NOTE', 'FORMATTED CONTENTS NOTE', 1, 0, NULL, 'CF'),
		('506', 'RESTRICTIONS ON ACCESS NOTE', 'RESTRICTIONS ON ACCESS NOTE', 1, 0, NULL, 'CF'),
		('507', 'SCALE NOTE FOR GRAPHIC MATERIAL', 'SCALE NOTE FOR GRAPHIC MATERIAL', 0, 0, NULL, 'CF'),
		('508', 'CREATION/PRODUCTION CREDITS NOTE', 'CREATION/PRODUCTION CREDITS NOTE', 1, 0, NULL, 'CF'),
		('509', 'INFORMAL NOTES (RLIN)', 'INFORMAL NOTES (RLIN)', 0, 0, NULL, 'CF'),
		('510', 'CITATION/REFERENCES NOTE', 'CITATION/REFERENCES NOTE', 1, 0, NULL, 'CF'),
		('511', 'PARTICIPANT OR PERFORMER NOTE', 'PARTICIPANT OR PERFORMER NOTE', 1, 0, NULL, 'CF'),
		('512', 'EARLIER OR LATER VOLUMES SEPARATELY CATALOGED NOTE (SE) [OBSOLETE]', 'EARLIER OR LATER VOLUMES SEPARATELY CATALOGED NOTE (SE) [OBSOLETE]', 1, 0, NULL, 'CF'),
		('513', 'TYPE OF REPORT AND PERIOD COVERED NOTE', 'TYPE OF REPORT AND PERIOD COVERED NOTE', 1, 0, NULL, 'CF'),
		('514', 'DATA QUALITY NOTE', 'DATA QUALITY NOTE', 0, 0, NULL, 'CF'),
		('515', 'NUMBERING PECULIARITIES NOTE', 'NUMBERING PECULIARITIES NOTE', 1, 0, NULL, 'CF'),
		('516', 'TYPE OF COMPUTER FILE OR DATA NOTE', 'TYPE OF COMPUTER FILE OR DATA NOTE', 1, 0, NULL, 'CF'),
		('517', 'CATEGORIES OF FILMS NOTE (ARCHIVAL) (VM) [OBSOLETE]', 'CATEGORIES OF FILMS NOTE (ARCHIVAL) (VM) [OBSOLETE]', 0, 0, NULL, 'CF'),
		('518', 'DATE/TIME AND PLACE OF AN EVENT NOTE', 'DATE/TIME AND PLACE OF AN EVENT NOTE', 1, 0, NULL, 'CF'),
		('520', 'SUMMARY, ETC.', 'SUMMARY, ETC.', 1, 0, NULL, 'CF'),
		('521', 'GRADE LEVEL/TARGET AUDIENCE NOTE', 'TARGET AUDIENCE NOTE', 1, 0, NULL, 'CF'),
		('522', 'GEOGRAPHIC DETAILS/GEOGRAPHIC COVERAGE NOTE', 'GEOGRAPHIC COVERAGE NOTE', 1, 0, NULL, 'CF'),
		('523', 'TIME PERIOD OF CONTENT NOTE (CF) [OBSOLETE]', 'TIME PERIOD OF CONTENT NOTE (CF) [OBSOLETE]', 0, 0, NULL, 'CF'),
		('524', 'PREFERRED CITATION OF DESCRIBED MATERIALS NOTE', 'PREFERRED CITATION OF DESCRIBED MATERIALS NOTE', 1, 0, NULL, 'CF'),
		('525', 'SUPPLEMENT NOTE', 'SUPPLEMENT NOTE', 0, 0, NULL, 'CF'),
		('526', 'STUDY PROGRAM INFORMATION NOTE', 'STUDY PROGRAM INFORMATION NOTE', 0, 0, NULL, 'CF'),
		('527', 'CENSORSHIP NOTE (VM) [OBSOLETE]', 'CENSORSHIP NOTE (VM) [OBSOLETE]', 1, 0, NULL, 'CF'),
		('530', 'ADDITIONAL PHYSICAL FORM AVAILABLE NOTE', 'ADDITIONAL PHYSICAL FORM AVAILABLE NOTE', 1, 0, NULL, 'CF'),
		('533', 'REPRODUCTION NOTE', 'REPRODUCTION NOTE', 1, 0, NULL, 'CF'),
		('534', 'ORIGINAL VERSION NOTE', 'ORIGINAL VERSION NOTE', 1, 0, NULL, 'CF'),
		('535', 'LOCATION OF ORIGINALS/DUPLICATES NOTE', 'LOCATION OF ORIGINALS/DUPLICATES NOTE', 1, 0, NULL, 'CF'),
		('536', 'FUNDING INFORMATION NOTE', 'FUNDING INFORMATION NOTE', 1, 0, NULL, 'CF'),
		('537', 'SOURCE OF DATA NOTE (CF) [OBSOLETE]', 'SOURCE OF DATA NOTE (CF) [OBSOLETE]', 0, 0, NULL, 'CF'),
		('538', 'SYSTEM DETAILS NOTE', 'SYSTEM DETAILS NOTE', 1, 0, NULL, 'CF'),
		('540', 'TERMS GOVERNING USE AND REPRODUCTION NOTE', 'TERMS GOVERNING USE AND REPRODUCTION NOTE', 1, 0, NULL, 'CF'),
		('541', 'ACQUISITION INFO--IMMEDIATE SOURCE OF ACQUISITION NOTE', 'IMMEDIATE SOURCE OF ACQUISITION NOTE', 1, 0, NULL, 'CF'),
		('543', 'SOLICITATION INFORMATION NOTE (AM) [OBSOLETE]', 'SOLICITATION INFORMATION NOTE (AM) [OBSOLETE]', 1, 0, NULL, 'CF'),
		('544', 'LOCATION OF OTHER ARCHIVAL MATERIALS NOTE', 'LOCATION OF OTHER ARCHIVAL MATERIALS NOTE', 1, 0, NULL, 'CF'),
		('546', 'LANGUAGE/TRANSLATION INFO', 'LANGUAGE NOTE', 1, 0, NULL, 'CF'),
		('547', 'FORMER TITLE COMPLEXITY NOTE', 'FORMER TITLE COMPLEXITY NOTE', 1, 0, NULL, 'CF'),
		('550', 'ISSUING BODY NOTE', 'ISSUING BODY NOTE', 1, 0, NULL, 'CF'),
		('552', 'ENTITY AND ATTRIBUTE INFORMATION NOTE', 'ENTITY AND ATTRIBUTE INFORMATION NOTE', 1, 0, NULL, 'CF'),
		('555', 'CUMULATIVE INDEX/FINDING AIDS NOTE', 'CUMULATIVE INDEX/FINDING AIDS NOTE', 1, 0, NULL, 'CF'),
		('556', 'INFORMATION ABOUT DOCUMENTATION NOTE', 'INFORMATION ABOUT DOCUMENTATION NOTE', 1, 0, NULL, 'CF'),
		('561', 'OWNERSHIP AND CUSTODIAL HISTORY', 'OWNERSHIP AND CUSTODIAL HISTORY', 1, 0, NULL, 'CF'),
		('562', 'COPY AND VERSION IDENTIFICATION NOTE', 'COPY AND VERSION IDENTIFICATION NOTE', 1, 0, NULL, 'CF'),
		('563', 'BINDING INFORMATION', 'BINDING INFORMATION', 1, 0, NULL, 'CF'),
		('565', 'CASE FILE CHARACTERISTICS NOTE', 'CASE FILE CHARACTERISTICS NOTE', 1, 0, NULL, 'CF'),
		('567', 'METHODOLOGY NOTE', 'METHODOLOGY NOTE', 1, 0, NULL, 'CF'),
		('570', 'EDITOR NOTE (SE) [OBSOLETE]', 'EDITOR NOTE (SE) [OBSOLETE]', 1, 0, NULL, 'CF'),
		('580', 'LINKING ENTRY COMPLEXITY NOTE', 'LINKING ENTRY COMPLEXITY NOTE', 1, 0, NULL, 'CF'),
		('581', 'PUBLICATIONS ABOUT DESCRIBED MATERIALS NOTE', 'PUBLICATIONS ABOUT DESCRIBED MATERIALS NOTE', 1, 0, NULL, 'CF'),
		('582', 'RELATED COMPUTER FILES NOTE (CF) [OBSOLETE]', 'RELATED COMPUTER FILES NOTE (CF) [OBSOLETE]', 1, 0, NULL, 'CF'),
		('583', 'ACQUISITION INFO--ACTION NOTE', 'ACTION NOTE', 1, 0, NULL, 'CF'),
		('584', 'ACCUMULATION AND FREQUENCY OF USE NOTE', 'ACCUMULATION AND FREQUENCY OF USE NOTE', 1, 0, NULL, 'CF'),
		('585', 'EXHIBITIONS NOTE', 'EXHIBITIONS NOTE', 1, 0, NULL, 'CF'),
		('586', 'AWARDS', 'AWARDS NOTE', 1, 0, NULL, 'CF'),
		('590', 'LOCAL NOTE (RLIN)', 'LOCAL NOTE (RLIN)', 1, 0, NULL, 'CF'),
		('600', 'SUBJECT--PERSONAL NAME', 'SUBJECT ADDED ENTRY--PERSONAL NAME', 1, 0, NULL, 'CF'),
		('610', 'SUBJECT--CORPORATE NAME', 'SUBJECT ADDED ENTRY--CORPORATE NAME', 1, 0, NULL, 'CF'),
		('611', 'SUBJECT--MEETING NAME', 'SUBJECT ADDED ENTRY--MEETING NAME', 1, 0, NULL, 'CF'),
		('630', 'SUBJECT--UNIFORM TITLE', 'SUBJECT ADDED ENTRY--UNIFORM TITLE', 1, 0, NULL, 'CF'),
		('648', 'SUBJECT--CHRONOLOGICAL TERM', 'SUBJECT ADDED ENTRY--CHRONOLOGICAL TERM', 1, 0, NULL, 'CF'),
		('650', 'SUBJECT--TOPIC', 'SUBJECT ADDED ENTRY--TOPICAL TERM', 1, 0, NULL, 'CF'),
		('651', 'SUBJECT--GEOGRAPHIC NAME', 'SUBJECT ADDED ENTRY--GEOGRAPHIC NAME', 1, 0, NULL, 'CF'),
		('652', 'SUBJECT ADDED ENTRY--REVERSE GEOGRAPHIC (BK MP SE) [OBSOLETE]', 'SUBJECT ADDED ENTRY--REVERSE GEOGRAPHIC (BK MP SE) [OBSOLETE]', 1, 0, NULL, 'CF'),
		('653', 'SUBJECT--UNCONTROLLED', 'INDEX TERM--UNCONTROLLED', 1, 0, NULL, 'CF'),
		('654', 'SUBJECT ADDED ENTRY--FACETED TOPICAL TERM', 'SUBJECT ADDED ENTRY--FACETED TOPICAL TERM', 1, 0, NULL, 'CF'),
		('655', 'SUBJECT--GENRE/FORM', 'INDEX TERM--GENRE/FORM', 1, 0, NULL, 'CF'),
		('656', 'SUBJECT--OCCUPATION', 'INDEX TERM--OCCUPATION', 1, 0, NULL, 'CF'),
		('657', 'SUBJECT--FUNCTION', 'INDEX TERM--FUNCTION', 1, 0, NULL, 'CF'),
		('658', 'SUBJECT--CURRICULUM OBJECTIVE', 'INDEX TERM--CURRICULUM OBJECTIVE', 1, 0, NULL, 'CF'),
		('662', 'SUBJECT ADDED ENTRY--HIERARCHICAL PLACE NAME', 'SUBJECT ADDED ENTRY--HIERARCHICAL PLACE NAME', 1, 0, NULL, 'CF'),
		('690', 'LOCAL SUBJECT--TOPICAL TERM (OCLC, RLIN)', 'LOCAL SUBJECT ADDED ENTRY--TOPICAL TERM (OCLC, RLIN)', 1, 0, '', 'CF'),
		('691', 'LOCAL SUBJECT ADDED ENTRY--GEOGRAPHIC NAME (RLIN)', 'LOCAL SUBJECT ADDED ENTRY--GEOGRAPHIC NAME (RLIN)', 1, 0, '', 'CF'),
		('696', 'LOCAL SUBJECT ADDED ENTRY--PERSONAL NAME (RLIN)', 'LOCAL SUBJECT ADDED ENTRY--PERSONAL NAME (RLIN)', 1, 0, '', 'CF'),
		('697', 'LOCAL SUBJECT ADDED ENTRY--CORPORATE NAME (RLIN)', 'LOCAL SUBJECT ADDED ENTRY--CORPORATE NAME (RLIN)', 1, 0, '', 'CF'),
		('698', 'LOCAL SUBJECT ADDED ENTRY--MEETING NAME (RLIN)', 'LOCAL SUBJECT ADDED ENTRY--MEETING NAME (RLIN)', 1, 0, '', 'CF'),
		('699', 'LOCAL SUBJECT ADDED ENTRY--UNIFORM TITLE (RLIN)', 'LOCAL SUBJECT ADDED ENTRY--UNIFORM TITLE (RLIN)', 1, 0, '', 'CF'),
		('700', 'ADDED ENTRY--PERSONAL NAME', 'ADDED ENTRY--PERSONAL NAME', 1, 0, NULL, 'CF'),
		('705', 'ADDED ENTRY--PERSONAL NAME (PERFORMER) (MU) [OBSOLETE]', 'ADDED ENTRY--PERSONAL NAME (PERFORMER) (MU) [OBSOLETE]', 1, 0, NULL, 'CF'),
		('710', 'ADDED ENTRY--CORPORATE NAME', 'ADDED ENTRY--CORPORATE NAME', 1, 0, NULL, 'CF'),
		('711', 'ADDED ENTRY--MEETING NAME', 'ADDED ENTRY--MEETING NAME', 1, 0, NULL, 'CF'),
		('715', 'ADDED ENTRY--CORPORATE NAME (PERFORMER) (MU) [OBSOLETE]', 'ADDED ENTRY--CORPORATE NAME (PERFORMER) (MU) [OBSOLETE]', 1, 0, NULL, 'CF'),
		('720', 'ADDED ENTRY--UNCONTROLLED NAME', 'ADDED ENTRY--UNCONTROLLED NAME', 1, 0, NULL, 'CF'),
		('730', 'ADDED ENTRY--UNIFORM TITLE', 'ADDED ENTRY--UNIFORM TITLE', 1, 0, NULL, 'CF'),
		('740', 'ADDED ENTRY--UNCONTROLLED RELATED/ANALYTICAL TITLE', 'ADDED ENTRY--UNCONTROLLED RELATED/ANALYTICAL TITLE', 1, 0, NULL, 'CF'),
		('752', 'ADDED ENTRY--HIERARCHICAL PLACE NAME', 'ADDED ENTRY--HIERARCHICAL PLACE NAME', 1, 0, NULL, 'CF'),
		('753', 'SYSTEM DETAILS ACCESS TO COMPUTER FILES', 'SYSTEM DETAILS ACCESS TO COMPUTER FILES', 1, 0, NULL, 'CF'),
		('754', 'ADDED ENTRY--TAXONOMIC IDENTIFICATION', 'ADDED ENTRY--TAXONOMIC IDENTIFICATION', 1, 0, NULL, 'CF'),
		('755', 'ADDED ENTRY--PHYSICAL CHARACTERISTICS [OBSOLETE]', 'ADDED ENTRY--PHYSICAL CHARACTERISTICS [OBSOLETE]', 1, 0, NULL, 'CF'),
		('760', 'MAIN SERIES ENTRY', 'MAIN SERIES ENTRY', 1, 0, NULL, 'CF'),
		('762', 'SUBSERIES ENTRY', 'SUBSERIES ENTRY', 1, 0, NULL, 'CF'),
		('765', 'ORIGINAL LANGUAGE ENTRY', 'ORIGINAL LANGUAGE ENTRY', 1, 0, NULL, 'CF'),
		('767', 'TRANSLATION ENTRY', 'TRANSLATION ENTRY', 1, 0, NULL, 'CF'),
		('770', 'SUPPLEMENT/SPECIAL ISSUE ENTRY', 'SUPPLEMENT/SPECIAL ISSUE ENTRY', 1, 0, NULL, 'CF'),
		('772', 'SUPPLEMENT PARENT ENTRY', 'SUPPLEMENT PARENT ENTRY', 1, 0, NULL, 'CF'),
		('773', 'HOST ITEM ENTRY', 'HOST ITEM ENTRY', 1, 0, NULL, 'CF'),
		('774', 'CONSTITUENT UNIT ENTRY', 'CONSTITUENT UNIT ENTRY', 1, 0, NULL, 'CF'),
		('775', 'OTHER EDITION ENTRY', 'OTHER EDITION ENTRY', 1, 0, NULL, 'CF'),
		('776', 'ADDITIONAL PHYSICAL FORM ENTRY', 'ADDITIONAL PHYSICAL FORM ENTRY', 1, 0, NULL, 'CF'),
		('777', 'ISSUED WITH ENTRY', 'ISSUED WITH ENTRY', 1, 0, NULL, 'CF'),
		('780', 'PRECEDING ENTRY', 'PRECEDING ENTRY', 1, 0, NULL, 'CF'),
		('785', 'SUCCEEDING ENTRY', 'SUCCEEDING ENTRY', 1, 0, NULL, 'CF'),
		('786', 'DATA SOURCE ENTRY', 'DATA SOURCE ENTRY', 1, 0, NULL, 'CF'),
		('787', 'NONSPECIFIC RELATIONSHIP ENTRY', 'NONSPECIFIC RELATIONSHIP ENTRY', 1, 0, NULL, 'CF'),
		('789', 'COMPONENT ITEM ENTRY (RLIN)', 'COMPONENT ITEM ENTRY (RLIN)', 1, 0, '', 'CF'),
		('796', 'LOCAL ADDED ENTRY--PERSONAL NAME (RLIN)', 'LOCAL ADDED ENTRY--PERSONAL NAME (RLIN)', 1, 0, '', 'CF'),
		('797', 'LOCAL ADDED ENTRY--CORPORATE NAME (RLIN)', 'LOCAL ADDED ENTRY--CORPORATE NAME (RLIN)', 1, 0, '', 'CF'),
		('798', 'LOCAL ADDED ENTRY--MEETING NAME (RLIN)', 'LOCAL ADDED ENTRY--MEETING NAME (RLIN)', 1, 0, '', 'CF'),
		('799', 'LOCAL ADDED ENTRY--UNIFORM TITLE (RLIN)', 'LOCAL ADDED ENTRY--UNIFORM TITLE (RLIN)', 1, 0, '', 'CF'),
		('800', 'SERIES ADDED ENTRY--PERSONAL NAME', 'SERIES ADDED ENTRY--PERSONAL NAME', 1, 0, NULL, 'CF'),
		('810', 'SERIES ADDED ENTRY--CORPORATE NAME', 'SERIES ADDED ENTRY--CORPORATE NAME', 1, 0, NULL, 'CF'),
		('811', 'SERIES ADDED ENTRY--MEETING NAME', 'SERIES ADDED ENTRY--MEETING NAME', 1, 0, NULL, 'CF'),
		('830', 'SERIES ADDED ENTRY--UNIFORM TITLE', 'SERIES ADDED ENTRY--UNIFORM TITLE', 1, 0, NULL, 'CF'),
		('840', 'SERIES ADDED ENTRY--TITLE [OBSOLETE]', 'SERIES ADDED ENTRY--TITLE [OBSOLETE]', 1, 0, NULL, 'CF'),
		('841', 'HOLDINGS CODED DATA VALUES', 'HOLDINGS CODED DATA VALUES', 0, 0, NULL, 'CF'),
		('842', 'TEXTUAL PHYSICAL FORM DESIGNATOR', 'TEXTUAL PHYSICAL FORM DESIGNATOR', 0, 0, NULL, 'CF'),
		('843', 'REPRODUCTION NOTE', 'REPRODUCTION NOTE', 1, 0, NULL, 'CF'),
		('844', 'NAME OF UNIT', 'NAME OF UNIT', 0, 0, NULL, 'CF'),
		('845', 'TERMS GOVERNING USE AND REPRODUCTION NOTE', 'TERMS GOVERNING USE AND REPRODUCTION NOTE', 1, 0, NULL, 'CF'),
		('850', 'HOLDING INSTITUTION', 'HOLDING INSTITUTION', 1, 0, NULL, 'CF'),
		('851', 'LOCATION [OBSOLETE]', 'LOCATION [OBSOLETE]', 1, 0, NULL, 'CF'),
		('852', 'LOCATION/CALL NUMBER', 'LOCATION/CALL NUMBER', 1, 0, NULL, 'CF'),
		('853', 'CAPTIONS AND PATTERN--BASIC BIBLIOGRAPHIC UNIT', 'CAPTIONS AND PATTERN--BASIC BIBLIOGRAPHIC UNIT', 1, 0, NULL, 'CF'),
		('854', 'CAPTIONS AND PATTERN--SUPPLEMENTARY MATERIAL', 'CAPTIONS AND PATTERN--SUPPLEMENTARY MATERIAL', 1, 0, NULL, 'CF'),
		('855', 'CAPTIONS AND PATTERN--INDEXES', 'CAPTIONS AND PATTERN--INDEXES', 1, 0, NULL, 'CF'),
		('856', 'URL/ELECTRONIC LOCATION AND ACCESS', 'ELECTRONIC LOCATION AND ACCESS', 1, 0, NULL, 'CF'),
		('859', 'LOCAL CONTROL INFORMATION (RLIN)', 'LOCAL CONTROL INFORMATION (RLIN)', 1, 0, '', 'CF'),
		('863', 'ENUMERATION AND CHRONOLOGY--BASIC BIBLIOGRAPHIC UNIT', 'ENUMERATION AND CHRONOLOGY--BASIC BIBLIOGRAPHIC UNIT', 1, 0, NULL, 'CF'),
		('864', 'ENUMERATION AND CHRONOLOGY--SUPPLEMENTARY MATERIAL', 'ENUMERATION AND CHRONOLOGY--SUPPLEMENTARY MATERIAL', 1, 0, NULL, 'CF'),
		('865', 'ENUMERATION AND CHRONOLOGY--INDEXES', 'ENUMERATION AND CHRONOLOGY--INDEXES', 1, 0, NULL, 'CF'),
		('866', 'TEXTUAL HOLDINGS--BASIC BIBLIOGRAPHIC UNIT', 'TEXTUAL HOLDINGS--BASIC BIBLIOGRAPHIC UNIT', 1, 0, NULL, 'CF'),
		('867', 'TEXTUAL HOLDINGS--SUPPLEMENTARY MATERIAL', 'TEXTUAL HOLDINGS--SUPPLEMENTARY MATERIAL', 1, 0, NULL, 'CF'),
		('868', 'TEXTUAL HOLDINGS--INDEXES', 'TEXTUAL HOLDINGS--INDEXES', 1, 0, NULL, 'CF'),
		('870', 'VARIANT PERSONAL NAME (SE) [OBSOLETE]', 'VARIANT PERSONAL NAME (SE) [OBSOLETE]', 1, 0, NULL, 'CF'),
		('871', 'VARIANT CORPORATE NAME (SE)[OBSOLETE]', 'VARIANT CORPORATE NAME (SE)[OBSOLETE]', 1, 0, NULL, 'CF'),
		('872', 'VARIANT CONFERENCE OR MEETING NAME (SE) [OBSOLETE]', 'VARIANT CONFERENCE OR MEETING NAME (SE) [OBSOLETE]', 1, 0, NULL, 'CF'),
		('873', 'VARIANT UNIFORM TITLE HEADING (SE) [OBSOLETE]', 'VARIANT UNIFORM TITLE HEADING (SE) [OBSOLETE]', 1, 0, NULL, 'CF'),
		('876', 'ITEM INFORMATION--BASIC BIBLIOGRAPHIC UNIT', 'ITEM INFORMATION--BASIC BIBLIOGRAPHIC UNIT', 1, 0, NULL, 'CF'),
		('877', 'ITEM INFORMATION--SUPPLEMENTARY MATERIAL', 'ITEM INFORMATION--SUPPLEMENTARY MATERIAL', 1, 0, NULL, 'CF'),
		('878', 'ITEM INFORMATION--INDEXES', 'ITEM INFORMATION--INDEXES', 1, 0, NULL, 'CF'),
		('880', 'ALTERNATE GRAPHIC REPRESENTATION', 'ALTERNATE GRAPHIC REPRESENTATION', 1, 0, NULL, 'CF'),
		('886', 'FOREIGN MARC INFORMATION FIELD', 'FOREIGN MARC INFORMATION FIELD', 1, 0, NULL, 'CF'),
		('887', 'NON-MARC INFORMATION FIELD', 'NON-MARC INFORMATION FIELD', 1, 0, NULL, 'CF'),
		('896', 'LOCAL SERIES ADDED ENTRY--PERSONAL NAME (RLIN)', 'LOCAL SERIES ADDED ENTRY--PERSONAL NAME (RLIN)', 1, 0, '', 'CF'),
		('897', 'LOCAL SERIES ADDED ENTRY--CORPORATE NAME (RLIN)', 'LOCAL SERIES ADDED ENTRY--CORPORATE NAME (RLIN)', 1, 0, '', 'CF'),
		('898', 'LOCAL SERIES ADDED ENTRY--MEETING NAME (RLIN)', 'LOCAL SERIES ADDED ENTRY--MEETING NAME (RLIN)', 1, 0, '', 'CF'),
		('899', 'LOCAL SERIES ADDED ENTRY--UNIFORM TITLE (RLIN)', 'LOCAL SERIES ADDED ENTRY--UNIFORM TITLE (RLIN)', 1, 0, '', 'CF'),
		('900', 'EQUIVALENCE OR CROSS-REFERENCE-PERSONAL NAME [LOCAL, CANADA]', 'EQUIVALENCE OR CROSS-REFERENCE-PERSONAL NAME [LOCAL, CANADA]', 1, 0, '', 'CF'),
		('901', 'LOCAL DATA ELEMENT A, LDA (RLIN)', 'LOCAL DATA ELEMENT A, LDA (RLIN)', 1, 0, '', 'CF'),
		('902', 'LOCAL DATA ELEMENT B, LDB (RLIN)', 'LOCAL DATA ELEMENT B, LDB (RLIN)', 1, 0, '', 'CF'),
		('903', 'LOCAL DATA ELEMENT C, LDC (RLIN)', 'LOCAL DATA ELEMENT C, LDC (RLIN)', 1, 0, '', 'CF'),
		('904', 'LOCAL DATA ELEMENT D, LDD (RLIN)', 'LOCAL DATA ELEMENT D, LDD (RLIN)', 1, 0, '', 'CF'),
		('905', 'LOCAL DATA ELEMENT E, LDE (RLIN)', 'LOCAL DATA ELEMENT E, LDE (RLIN)', 1, 0, '', 'CF'),
		('906', 'LOCAL DATA ELEMENT F, LDF (RLIN)', 'LOCAL DATA ELEMENT F, LDF (RLIN)', 1, 0, '', 'CF'),
		('907', 'LOCAL DATA ELEMENT G, LDG (RLIN)', 'LOCAL DATA ELEMENT G, LDG (RLIN)', 1, 0, '', 'CF'),
		('908', 'PUT COMMAND PARAMETER (RLIN)', 'PUT COMMAND PARAMETER (RLIN)', 0, 0, '', 'CF'),
		('910', 'USER-OPTION DATA (COLC)', 'USER-OPTION DATA (OCLC)', 0, 0, '', 'CF'),
		('911', 'EQUIVALENCE OR CROSS-REFERENCE-CONFERENCE OR MEETING NAME [LOCAL, CANADA]', 'EQUIVALENCE OR CROSS-REFERENCE-CONFERENCE OR MEETING NAME [LOCAL, CANADA]', 1, 0, '', 'CF'),
		('930', 'EQUIVALENCE OR CROSS-REFERENCE-UNIFORM TITLE HEADING [LOCAL, CANADA]', 'EQUIVALENCE OR CROSS-REFERENCE-UNIFORM TITLE HEADING [LOCAL, CANADA]', 1, 0, '', 'CF'),
		('936', 'OCLC/CONSER MISCELLANEOUS DATA (OCLC); PIECE USED FOR CATALOGING (pre-AACR2) (RLIN)', 'OCLC/CONSER MISCELLANEOUS DATA (OCLC); PIECE USED FOR CATALOGING (pre-AACR2) (RLIN)', 0, 0, '', 'CF'),
		('940', 'EQUIVALENCE OR CROSS-REFERENCE--UNIFORM TITLE [OBSOLETE] [CAN/MARC only]', 'EQUIVALENCE OR CROSS-REFERENCE--UNIFORM TITLE [OBSOLETE] [CAN/MARC only]', 1, 0, '', 'CF'),
		('941', 'EQUIVALENCE OR CROSS-REFERENCE--ROMANIZED TITLE [OBSOLETE] [CAN/MARC only]', 'EQUIVALENCE OR CROSS-REFERENCE--ROMANIZED TITLE [OBSOLETE] [CAN/MARC only]', 1, 0, '', 'CF'),
		('943', 'EQUIVALENCE OR CROSS-REFERENCE--COLLECTIVE TITLE [OBSOLETE] [CAN/MARC only]', 'EQUIVALENCE OR CROSS-REFERENCE--COLLECTIVE TITLE [OBSOLETE] [CAN/MARC only]', 1, 0, '', 'CF'),
		('945', 'LOCAL PROCESSING INFORMATION (OCLC)', 'LOCAL PROCESSING INFORMATION (OCLC)', 1, 0, '', 'CF'),
		('946', 'LOCAL PROCESSING INFORMATION (OCLC)', 'LOCAL PROCESSING INFORMATION (OCLC)', 1, 0, '', 'CF'),
		('947', 'LOCAL PROCESSING INFORMATION (OCLC)', 'LOCAL PROCESSING INFORMATION (OCLC)', 1, 0, '', 'CF'),
		('948', 'LOCAL PROCESSING INFORMATION (OCLC); SERIES PART DESIGNATOR (RLIN)', 'LOCAL PROCESSING INFORMATION (OCLC); SERIES PART DESIGNATOR (RLIN)', 1, 0, '', 'CF'),
		('949', 'LOCAL PROCESSING INFORMATION (OCLC)', 'LOCAL PROCESSING INFORMATION (OCLC)', 1, 0, '', 'CF'),
		('950', 'LOCAL HOLDINGS (RLIN)', 'LOCAL HOLDINGS (RLIN)', 1, 0, '', 'CF'),
		('951', 'EQUIVALENCE OR CROSS-REFERENCE--GEOGRAPHIC NAME/AREA NAME [OBSOLETE] [CAN/MARC only]', 'EQUIVALENCE OR CROSS-REFERENCE-GEOGRAPHIC NAME/AREA NAME [OBSOLETE] [CAN/MARC only]', 1, 0, '', 'CF'),
		('955', 'COPY-LEVEL INFORMATION (RLIN)', 'COPY-LEVEL INFORMATION (RLIN)', 1, 0, '', 'CF'),
		('956', 'LOCAL ELECTRONIC LOCATION AND ACCESS (OCLC)', 'LOCAL ELECTRONIC LOCATION AND ACCESS (OCLC)', 1, 0, '', 'CF'),
		('960', 'PHYSICAL LOCATION (RLIN)', 'PHYSICAL LOCATION (RLIN)', 1, 0, '', 'CF'),
		('967', 'ADDITIONAL ESTC CODES (RLIN)', 'ADDITIONAL ESTC CODES (RLIN)', 1, 0, '', 'CF'),
		('980', 'EQUIVALENCE OR CROSS-REFERENCE-SERIES STATEMENT--PERSONAL NAME/TITLE [LOCAL, CANADA]', 'EQUIVALENCE OR CROSS-REFERENCE-SERIES STATEMENT--PERSONAL NAME/TITLE [LOCAL, CANADA]', 1, 0, '', 'CF'),
		('981', 'EQUIVALENCE OR CROSS-REFERENCE-SERIES STATEMENT--CORPORATE NAME/TITLE [LOCAL, CANADA]', 'EQUIVALENCE OR CROSS-REFERENCE-SERIES STATEMENT--CORPORATE NAME/TITLE [LOCAL, CANADA]', 1, 0, '', 'CF'),
		('982', 'EQUIVALENCE OR CROSS-REFERENCE-SERIES STATEMENT--CONFERENCE OR MEETING NAME/TITLE [LOCAL, CANADA]', 'EQUIVALENCE OR CROSS-REFERENCE-SERIES STATEMENT--CONFERENCE OR MEETING NAME/TITLE [LOCAL, CANADA]', 1, 0, '', 'CF'),
		('983', 'EQUIVALENCE OR CROSS-REFERENCE-SERIES STATEMENT--TITLE/UNIFORM TITLE [LOCAL, CANADA]', 'EQUIVALENCE OR CROSS-REFERENCE--SERIES STATEMENT-TITLE/UNIFORM TITLE [LOCAL, CANADA]', 1, 0, '', 'CF'),
		('984', 'WLN AUTOMATIC HOLDINGS STATEMENT (OCLC)', 'WLN AUTOMATIC HOLDINGS STATEMENT (OCLC)', 1, 0, '', 'CF'),
		('987', 'LOCAL ROMANIZATION/CONVERSION HISTORY (OCLC)', 'LOCAL ROMANIZATION/CONVERSION HISTORY (OCLC)', 1, 0, '', 'CF'),
		('990', 'EQUIVALENCES OR CROSS-REFERENCES [LOCAL, CANADA]', 'EQUIVALENCES OR CROSS-REFERENCES [LOCAL, CANADA]', 1, 0, '', 'CF'),
		('995', 'RECOMMENDATION 995 [LOCAL, UNIMARC FRANCE]', 'RECOMMENDATION 995 [LOCAL, UNIMARC FRANCE]', 1, 0, '', 'CF'),
		('998', 'LOCAL CONTROL INFORMATION (RLIN)', 'LOCAL CONTROL INFORMATION (RLIN)', 1, 0, '', 'CF');






-- *******************************************************



-- ************************************************************
-- SIMPLE SOUND RECORDINGS KOHA RECORD AND HOLDINGS MANAGEMENT
-- FIELDS/SUBFIELDS.
-- ************************************************************


-- Current Record ID Field/Subfields


INSERT INTO `marc_tag_structure` (`tagfield`, `liblibrarian`, `libopac`, `repeatable`, `mandatory`, `authorised_value`, `frameworkcode`) VALUES
		('999', 'SYSTEM CONTROL NUMBERS (KOHA)', 'SYSTEM CONTROL NUMBERS (KOHA)', 1, 0, '', 'SR');

INSERT INTO `marc_subfield_structure` (`tagfield`, `tagsubfield`, `liblibrarian`, `libopac`, `repeatable`, `mandatory`, `kohafield`, `tab`, `authorised_value`, `authtypecode`, `value_builder`, `isurl`, `hidden`, `frameworkcode`, `seealso`, `link`, `defaultvalue`) VALUES
		('999', 'a', 'Item type [OBSOLETE]', 'Item type [OBSOLETE]', 0, 0, NULL, -1, NULL, NULL, '', NULL, -5, 'SR', '', '', NULL),
		('999', 'b', 'Koha Dewey Subclass [OBSOLETE]', 'Koha Dewey Subclass [OBSOLETE]', 0, 0, NULL, 0, NULL, NULL, '', NULL, -5, 'SR', '', '', NULL),
		('999', 'c', 'Koha biblionumber', 'Koha biblionumber', 0, 0, 'biblio.biblionumber', -1, NULL, NULL, '', NULL, -5, 'SR', '', '', NULL),
		('999', 'd', 'Koha biblioitemnumber', 'Koha biblioitemnumber', 0, 0, 'biblioitems.biblioitemnumber', -1, NULL, NULL, '', NULL, -5, 'SR', '', '', NULL);


-- ******************************************************


-- Plugins which need to be written for primary biblioitems Field/Subfields.


-- 		('942', '2', 'Source of classification or shelving scheme', 'Source of classification or shelving scheme', 0, 0, 'biblioitems.cn_source', 9, '', '', 'marc21_classcodes.pl', NULL, 0, 'SR', '', '', NULL),
-- 		('942', 'h', 'Classification part', 'Classification part', 0, 0, 'biblioitems.cn_class', 9, '', '', 'marc21_callnumber.pl', NULL, 0, 'SR', '', '', NULL),



-- Current primary biblioitems Field/Subfields


INSERT INTO `marc_tag_structure` (`tagfield`, `liblibrarian`, `libopac`, `repeatable`, `mandatory`, `authorised_value`, `frameworkcode`) VALUES
		('942', 'ADDED ENTRY ELEMENTS (KOHA)', 'ADDED ENTRY ELEMENTS (KOHA)', 0, 0, '', 'SR');

INSERT INTO `marc_subfield_structure` (`tagfield`, `tagsubfield`, `liblibrarian`, `libopac`, `repeatable`, `mandatory`, `kohafield`, `tab`, `authorised_value`, `authtypecode`, `value_builder`, `isurl`, `hidden`, `frameworkcode`, `seealso`, `link`, `defaultvalue`) VALUES
		('942', '0', 'Koha issues (borrowed), all copies', 'Koha issues (borrowed), all copies', 0, 0, 'biblioitems.totalissues', 9, '', '', '', NULL, -5, 'SR', '', '', NULL),
		('942', '2', 'Source of classification or shelving scheme', 'Source of classification or shelving scheme', 0, 0, 'biblioitems.cn_source', 9, 'cn_source', '', '', NULL, 0, 'SR', '', '', NULL),
		('942', '6', 'Koha normalized classification for sorting', 'Koha normalized classification for sorting', 0, 0, 'biblioitems.cn_sort', -1, '', '', '', 0, 7, 'SR', '', '', NULL),
		('942', 'a', 'Institution code [OBSOLETE]', 'Institution code [OBSOLETE]', 0, 0, '', 9, '', '', '', NULL, -5, 'SR', '', '', NULL),
		('942', 'c', 'Item type', 'Item type', 0, 1, 'biblioitems.itemtype', 9, 'itemtypes', '', '', NULL, 0, 'SR', '', '', NULL),
		('942', 'e', 'Edition', 'Edition', 0, 0, 'biblioitems.cn_edition', 9, 'CN_EDITION', '', '', NULL, 0, 'SR', '', '', NULL),
		('942', 'h', 'Classification part', 'Classification part', 0, 0, 'biblioitems.cn_class', 9, '', '', '', NULL, 0, 'SR', '', '', NULL),
		('942', 'i', 'Item part', 'Item part', 1, 0, 'biblioitems.cn_item', 9, '', '', '', NULL, 9, 'SR', '', '', NULL),
		('942', 'k', 'Call number prefix', 'Call number prefix', 0, 0, 'biblioitems.cn_prefix', 9, '', '', '', NULL, 0, 'SR', '', '', NULL),
		('942', 'm', 'Call number suffix', 'Call number suffix', 0, 0, 'biblioitems.cn_suffix', 9, '', '', '', 0, 0, 'SR', '', '', NULL),
		('942', 'n', 'Suppress in OPAC', 'Suppress in OPAC', 0, 0, NULL, 9, '', '', '', 0, 0, 'SR', '', '', NULL),
		('942', 's', 'Serial record flag', 'Serial record', 0, 0, 'biblio.serial', 9, '', '', '', 0, -5, 'SR', '', '', NULL);


-- ******************************************************


-- Plugins which need to be written for items Field/Subfields


-- 		('952', '2', 'Source of classification or shelving scheme', 'Source of classification or shelving scheme', 0, 0, 'items.cn_source', 10, '', '', 'marc21_classcodes.pl', NULL, 0, 'SR', '', '', NULL),
